000
CDUS46 KLOX 250120
CLIWJF


CLIMATE REPORT
NATIONAL WEATHER SERVICE LOS ANGELES/OXNARD CA
620 PM PDT FRI APR 24 2015


...................................

...THE LANCASTER CLIMATE SUMMARY FOR APRIL 24 2015...
VALID TODAY AS OF 0600 PM LOCAL TIME.

CLIMATE NORMAL PERIOD 1981 TO 2010
CLIMATE RECORD PERIOD 1948 TO 2015


WEATHER ITEM   OBSERVED TIME   RECORD YEAR NORMAL DEPARTURE LAST
                VALUE   (LST)  VALUE       VALUE  FROM      YEAR
                                                  NORMAL
..................................................................
TEMPERATURE (F)
 TODAY
  MAXIMUM         63   1249 PM  93    1953  76    -13       80
  MINIMUM         51    458 AM  31    1971  47      4       44
  AVERAGE         57                        61     -4       62

PRECIPITATION (IN)
  TODAY            0.00          0.04 1967   0.01  -0.01     0.00
  MONTH TO DATE    0.01                      0.30  -0.29     0.09
  SINCE OCT 1      4.33                      6.85  -2.52     3.77
  SINCE JAN 1      1.41                      4.72  -3.31     2.18

SNOWFALL (IN)
  TODAY            0.0           0.0    MM   0.0             0.0
  MONTH TO DATE    0.0                       0.0             0.0
  SINCE MAR 1      0.0                       0.0             0.0
  SINCE JUL 1      0.0                       2.3             0.0
  SNOW DEPTH       0

DEGREE DAYS
 HEATING
  TODAY            8                         5      3        3
  MONTH TO DATE  163                       181    -18      114
  SINCE MAR 1    381                       549   -168      401
  SINCE JUL 1   2250                      2842   -592     2638

 COOLING
  TODAY            0                         1     -1        0
  MONTH TO DATE    8                        15     -7       22
  SINCE MAR 1     14                        17     -3       22
  SINCE JAN 1     14                        17     -3       28
..................................................................


WIND (MPH)
  HIGHEST WIND SPEED    30   HIGHEST WIND DIRECTION    SW (210)
  HIGHEST GUST SPEED    37   HIGHEST GUST DIRECTION    SW (220)
  AVERAGE WIND SPEED    22.2


SKY COVER
  POSSIBLE SUNSHINE  MM
  AVERAGE SKY COVER 0.1


WEATHER CONDITIONS
 THE FOLLOWING WEATHER WAS RECORDED TODAY.
  NO SIGNIFICANT WEATHER WAS OBSERVED.


RELATIVE HUMIDITY (PERCENT)
 HIGHEST    77           300 AM
 LOWEST     52          1200 PM
 AVERAGE    65

..........................................................


THE LANCASTER CLIMATE NORMALS FOR TOMORROW
                         NORMAL    RECORD    YEAR
 MAXIMUM TEMPERATURE (F)   76        91      1987
 MINIMUM TEMPERATURE (F)   48        34      1960


SUNRISE AND SUNSET
APRIL 24 2015.........SUNRISE   610 AM PDT   SUNSET   732 PM PDT
APRIL 25 2015.........SUNRISE   609 AM PDT   SUNSET   733 PM PDT


-  INDICATES NEGATIVE NUMBERS.
R  INDICATES RECORD WAS SET OR TIED.
MM INDICATES DATA IS MISSING.
T  INDICATES TRACE AMOUNT.




$$
