000
CDAK47 PAYA 260912
CLIYAK

CLIMATE REPORT
NATIONAL WEATHER SERVICE YAKUTAT, AK
112 AM AKDT SUN APR 26 2015

...................................
...THE YAKUTAT AP CLIMATE SUMMARY FOR APRIL 25 2015...

CLIMATE NORMAL PERIOD  1981 TO  2010
CLIMATE RECORD PERIOD  1948 TO  2015

WEATHER ITEM   OBSERVED TIME    RECORD YEAR NORMAL DEPARTURE LAST
               VALUE    (LST)   VALUE       VALUE  FROM      YEAR
                                                   NORMAL
...................................................................
TEMPERATURE
YESTERDAY
 MAXIMUM            57  1128 AM    68  2005     48       9     47
 MINIMUM            32  0545 AM    18  1954     32       0     28
 AVERAGE            45                          40       5     38

PRECIPITATION
(INCHES)
 YESTERDAY           T           2.63  1965   0.29   -0.29   0.00
 MONTH TO DATE   13.44                        7.75    5.69   3.33
 SINCE MAR 1     23.86                       18.79    5.07   7.38
 SINCE JAN 1     48.23                       43.31    4.92  34.44

SNOWFALL
(INCHES)
 YESTERDAY         0.0            3.8  2013    0.1    -0.1    0.0
 MONTH TO DATE     6.8                         9.5    -2.7    5.8
 SINCE MAR 1      34.3                        36.7    -2.4   13.6
 SINCE JUL 1      47.1                       138.9   -91.8  109.0
 SNOW DEPTH (IN)     0                                          T

DEGREE DAYS
 HEATING
  YESTERDAY         20                          25      -5     27
  MONTH TO DATE    655                         694     -39    708
  SINCE MAR 1     1578                        1716    -138   1787
  SINCE JUL 1     7010                        7845    -835   7600

 COOLING
  YESTERDAY          0                           0       0      0
  MONTH TO DATE      0                           0       0      0
  SINCE MAR 1        0                           0       0      0
  SINCE JAN 1        0                           0       0      0
...................................................................

WIND (MPH)
 HIGHEST WIND SPEED    16     HIGHEST WIND DIRECTION    170
 HIGHEST GUST SPEED    22     HIGHEST GUST DIRECTION    170
 AVERAGE WIND SPEED   5.1

SKY COVER
  POSSIBLE SUNSHINE    MM          AVERAGE SKY COVER     MM

WEATHER CONDITIONS
 THE FOLLOWING WEATHER WAS RECORDED YESTERDAY.
  RAIN


RELATIVE HUMIDITY
 HIGHEST RH     MM PERCENT       MM
 LOWEST  RH     MM PERCENT       MM
 AVERAGE RH     MM PERCENT       MM
...................................................................

THE YAKUTAT CLIMATE NORMALS FOR TODAY
                           NORMAL    RECORD   YEAR
 MAXIMUM TEMPERATURE (F)     48        69     2003
 MINIMUM TEMPERATURE (F)     32        19     1955

SUNRISE AND SUNSET
 APR 26 2015..........SUNRISE  5:33 AM      SUNSET  9:03 PM
 APR 27 2015..........SUNRISE  5:30 AM      SUNSET  9:05 PM

-  INDICATES NEGATIVE NUMBERS.
R  INDICATES RECORD HAS BEEN SET OR TIED.
MM INDICATES DATA IS MISSING.
T  INDICATES TRACE OF PRECIPITATION.

&&
-------------------------------------------------------------------

AMOUNT OF DAYLIGHT TODAY  (HOUR:MIN)........15 HOURS 30 MINUTES
GAIN/LOSS SINCE YESTERDAY (HOUR:MIN:SEC)....+0:05:10

$$
*** APR 15
