000
CDUS46 KPDT 260109 CCA
CLIYKM

CLIMATE REPORT
NATIONAL WEATHER SERVICE PENDLETON OR
604 PM PDT SAT APR 25 2015


...................................

...THE YAKIMA WA CLIMATE SUMMARY FOR APRIL 25 2015...
VALID TODAY AS OF 0500 PM LOCAL TIME.

CLIMATE NORMAL PERIOD 1981 TO 2010
CLIMATE RECORD PERIOD 1946 TO 2015


WEATHER ITEM   OBSERVED TIME   RECORD YEAR NORMAL DEPARTURE LAST
                VALUE   (LST)  VALUE       VALUE  FROM      YEAR
                                                  NORMAL
..................................................................
TEMPERATURE (F)
 TODAY
  MAXIMUM         64   1209 PM  86    1952  66     -2       63
  MINIMUM         37    534 AM  25    1955  36      1       39
  AVERAGE         51                        51      0       51

PRECIPITATION (IN)
  TODAY            T             0.45 2012   0.02  -0.02      T
  MONTH TO DATE    T                         0.45  -0.45     0.46
  SINCE OCT 1      4.52                      6.11  -1.59     3.62
  SINCE JAN 1      2.42                      2.99  -0.57     2.79

SNOWFALL (IN)
  TODAY           MM             0.0  2002   0.0   MM        0.0
                                      2001
                                      2000
  MONTH TO DATE    0.0                       0.0    0.0      0.0
  SINCE JAN 1      1.6                       8.6   -7.0     19.9
  SINCE JUL 1      1.6                      21.6  -20.0     19.9
  SNOW DEPTH       0

DEGREE DAYS
 HEATING
  TODAY           14                        14      0       14
  MONTH TO DATE  343                       411    -68      315
  SINCE MAR 1    797                      1088   -291      949
  SINCE JUL 1   4379                      5615  -1236     5351

 COOLING
  TODAY            0                         0      0        0
  MONTH TO DATE    0                         0      0        0
  SINCE MAR 1      0                         0      0        0
  SINCE JAN 1      0                         0      0        0
..................................................................


WIND (MPH)
  HIGHEST WIND SPEED    16   HIGHEST WIND DIRECTION     N (340)
  HIGHEST GUST SPEED    19   HIGHEST GUST DIRECTION     N (340)
  AVERAGE WIND SPEED     2.1


SKY COVER
  POSSIBLE SUNSHINE  MM
  AVERAGE SKY COVER 0.6


WEATHER CONDITIONS
 THE FOLLOWING WEATHER WAS RECORDED TODAY.
  LIGHT RAIN


RELATIVE HUMIDITY (PERCENT)
 HIGHEST    76           300 AM
 LOWEST     22           100 PM
 AVERAGE    49

..........................................................


THE YAKIMA WA CLIMATE NORMALS FOR TOMORROW
                         NORMAL    RECORD    YEAR
 MAXIMUM TEMPERATURE (F)   66        86      2013
 MINIMUM TEMPERATURE (F)   36        24      1948


SUNRISE AND SUNSET
APRIL 25 2015.........SUNRISE   558 AM PDT   SUNSET   803 PM PDT
APRIL 26 2015.........SUNRISE   556 AM PDT   SUNSET   805 PM PDT


-  INDICATES NEGATIVE NUMBERS.
R  INDICATES RECORD WAS SET OR TIED.
MM INDICATES DATA IS MISSING.
T  INDICATES TRACE AMOUNT.




$$
