000
CDUS41 KPBZ 070717
CLIZZV


CLIMATE REPORT
NATIONAL WEATHER SERVICE PITTSBURGH PA
316 AM EDT THU MAY 7 2015


...................................

...THE ZANESVILLE OH CLIMATE SUMMARY FOR MAY 6 2015...

CLIMATE NORMAL PERIOD 1981 TO 2010
CLIMATE RECORD PERIOD 1946 TO 2015


WEATHER ITEM   OBSERVED TIME   RECORD YEAR NORMAL DEPARTURE LAST
                VALUE   (LST)  VALUE       VALUE  FROM      YEAR
                                                  NORMAL
..................................................................
TEMPERATURE (F)
 YESTERDAY
  MAXIMUM         84    410 PM  91    1959  70     14       71
  MINIMUM         53    556 AM  27    1968  46      7       41
  AVERAGE         69                        58     11       56

PRECIPITATION (IN)
  YESTERDAY        0.00         MM      MM   0.13  -0.13     0.00
  MONTH TO DATE    0.24                      0.75  -0.51     0.07
  SINCE JUN 1     36.04                     34.42   1.62    39.18
  SINCE JAN 1     13.63                     12.02   1.61    10.87

DEGREE DAYS
 HEATING
  YESTERDAY        0                         8     -8        9
  MONTH TO DATE   23                        51    -28       67
  SINCE MAR 1   1273                      1217     56     1334
  SINCE JUL 1   5930                      5408    522     5891

 COOLING
  YESTERDAY        4                         1      3        0
  MONTH TO DATE    8                         2      6        0
  SINCE MAR 1      9                        11     -2        5
  SINCE JAN 1      9                        11     -2        5
..................................................................


WIND (MPH)
  HIGHEST WIND SPEED    12   HIGHEST WIND DIRECTION    NE (30)
  HIGHEST GUST SPEED    17   HIGHEST GUST DIRECTION    NW (320)
  AVERAGE WIND SPEED     3.1


SKY COVER
  POSSIBLE SUNSHINE  MM
  AVERAGE SKY COVER 0.3


WEATHER CONDITIONS
 THE FOLLOWING WEATHER WAS RECORDED YESTERDAY.
  FOG
  FOG W/VISIBILITY <= 1/4 MILE
  HAZE


RELATIVE HUMIDITY (PERCENT)
 HIGHEST   100           600 AM
 LOWEST     34           500 PM
 AVERAGE    67

..........................................................


THE ZANESVILLE OH CLIMATE NORMALS FOR TODAY
                         NORMAL    RECORD    YEAR
 MAXIMUM TEMPERATURE (F)   70        86      2000
 MINIMUM TEMPERATURE (F)   46        26      1970


SUNRISE AND SUNSET
MAY  7 2015...........SUNRISE   621 AM EDT   SUNSET   828 PM EDT
MAY  8 2015...........SUNRISE   620 AM EDT   SUNSET   829 PM EDT


-  INDICATES NEGATIVE NUMBERS.
R  INDICATES RECORD WAS SET OR TIED.
MM INDICATES DATA IS MISSING.
T  INDICATES TRACE AMOUNT.




$$
