000
CXUS42 KFFC 011236
CLMATL


CLIMATE REPORT
NATIONAL WEATHER SERVICE PEACHTREE CITY GA
833 AM EDT FRI MAY 1 2015

...................................

...THE ATLANTA CLIMATE SUMMARY FOR THE MONTH OF APRIL 2015...

CLIMATE NORMAL PERIOD 1981 TO 2010
CLIMATE RECORD PERIOD 1878 TO 2015

WEATHER         OBSERVED          NORMAL  DEPART  LAST YEAR`S
                 VALUE   DATE(S)  VALUE   FROM    VALUE  DATE(S)
                                          NORMAL
................................................................
TEMPERATURE (F)
RECORD
 HIGH              93   04/27/1986
                        04/24/1925
 LOW               25   04/02/1881
HIGHEST            87   04/08        93      -6       84  04/27
LOWEST             45   04/05        26      19       34  04/16
AVG. MAXIMUM     74.7              72.5     2.2     72.9
AVG. MINIMUM     56.7              51.5     5.2     52.5
MEAN             65.7              62.0     3.7     62.7
DAYS MAX >= 90      0               0.1    -0.1        0
DAYS MAX <= 32      0               0.0     0.0        0
DAYS MIN <= 32      0               0.3    -0.3        0
DAYS MIN <= 0       0               0.0     0.0        0

PRECIPITATION (INCHES)
RECORD
 MAXIMUM        11.86   1979
 MINIMUM         0.35   1915
TOTALS           7.79              3.36    4.43     5.90
DAILY AVG.       0.26              0.11    0.15     0.20
DAYS >= .01        16               8.6     7.4        9
DAYS >= .10        13               6.0     7.0        7
DAYS >= .50         8               2.3     5.7        3
DAYS >= 1.00        1               0.8     0.2        2
GREATEST
 24 HR. TOTAL    1.52   04/10 TO 04/10           04/06 TO 04/07
                        04/09 TO 04/10                    04/30 TO 04/30
                        04/10 TO 04/10                    04/30 TO 04/30

SNOWFALL (INCHES)
RECORDS
 TOTAL             MM   MM
 24 HR TOTAL       MM
TOTALS            0.0               0.0     0.0      0.0
SINCE 7/1           T               2.9    -2.9      5.0
SNOWDEPTH AVG.      0                MM      MM        0
DAYS >= TRACE       0               0.0     0.0        0
DAYS >= 1.0         0               0.0     0.0        0
GREATEST
 24 HR TOTAL      0.0   04/30 TO 04/30           04/30 TO 04/30
                                                          04/30 TO 04/30
                                                          04/30 TO 04/30

DEGREE_DAYS
HEATING TOTAL      55               143     -88      114
 SINCE 7/1       2650              2740     -90     2897
COOLING TOTAL      81                53      28       51
 SINCE 1/1         96                66      30       53
.................................................

WIND (MPH)
AVERAGE WIND SPEED              8.5
HIGHEST WIND SPEED/DIRECTION    26/220    DATE  04/20
HIGHEST GUST SPEED/DIRECTION    35/220    DATE  04/20

SKY COVER
POSSIBLE SUNSHINE (PERCENT)   MM
AVERAGE SKY COVER           0.70
NUMBER OF DAYS FAIR            3
NUMBER OF DAYS PC             13
NUMBER OF DAYS CLOUDY         14

AVERAGE RH (PERCENT)     66

WEATHER CONDITIONS. NUMBER OF DAYS WITH
THUNDERSTORM              0     MIXED PRECIP               0
HEAVY RAIN                9     RAIN                      11
LIGHT RAIN               17     FREEZING RAIN              0
LT FREEZING RAIN          0     HAIL                       0
HEAVY SNOW                0     SNOW                       0
LIGHT SNOW                0     SLEET                      0
FOG                      17     FOG W/VIS <= 1/4 MILE      2
HAZE                      4

-  INDICATES NEGATIVE NUMBERS.
R  INDICATES RECORD WAS SET OR TIED.
MM INDICATES DATA IS MISSING.
T  INDICATES TRACE AMOUNT.

$$
