000
CXUS53 KGRR 011206
CLMAZO


CLIMATE REPORT
NATIONAL WEATHER SERVICE GRAND RAPIDS, MI
758 AM EDT WED APR 1 2015

...................................

...THE KALAMAZOO MI CLIMATE SUMMARY FOR THE MONTH OF MARCH 2015...

CLIMATE NORMAL PERIOD 1981 TO 2010
CLIMATE RECORD PERIOD 1998 TO 2015

WEATHER         OBSERVED          NORMAL  DEPART  LAST YEAR`S
                 VALUE   DATE(S)  VALUE   FROM    VALUE  DATE(S)
                                          NORMAL
................................................................
TEMPERATURE (F)
HIGHEST            70   03/16        MM      MM       64  03/31
LOWEST             -2   03/06        MM      MM       -6  03/03
AVG. MAXIMUM     43.5              45.5    -2.0     37.4
AVG. MINIMUM     23.5              27.5    -4.0     17.3
MEAN             33.5              36.5    -3.0     27.3
DAYS MAX >= 90      0               0.0     0.0        0
DAYS MAX <= 32      7               3.6     3.4       11
DAYS MIN <= 32     25              21.9     3.1       27
DAYS MIN <= 0       2               0.0     2.0        2

PRECIPITATION (INCHES)
TOTALS           0.33              2.25   -1.92     1.25
DAILY AVG.       0.01              0.07   -0.06     0.04
DAYS >= .01         5                MM      MM       10
DAYS >= .10         2                MM      MM        3
DAYS >= .50         0                MM      MM        0
DAYS >= 1.00        0                MM      MM        0
GREATEST
 24 HR. TOTAL    0.15   03/03 TO 03/03           03/12 TO 03/12
                                                          03/12 TO 03/12
                                                          03/12 TO 03/12

DEGREE_DAYS
HEATING TOTAL     969               884      85     1159
 SINCE 7/1       6255              5657     598     6327
COOLING TOTAL       0                 0       0        0
 SINCE 1/1          0                 0       0        0
...................................................

WIND (MPH)
AVERAGE WIND SPEED              8.7
RESULTANT WIND SPEED/DIRECTION   3/273
HIGHEST WIND SPEED/DIRECTION    30/190    DATE  03/29
HIGHEST GUST SPEED/DIRECTION    37/350    DATE  03/27

SKY COVER
POSSIBLE SUNSHINE (PERCENT)   MM
AVERAGE SKY COVER           0.40
NUMBER OF DAYS FAIR           15
NUMBER OF DAYS PC             10
NUMBER OF DAYS CLOUDY          6

AVERAGE RH (PERCENT)     61

WEATHER CONDITIONS. NUMBER OF DAYS WITH
THUNDERSTORM              0     MIXED PRECIP               0
HEAVY RAIN                0     RAIN                       1
LIGHT RAIN                5     FREEZING RAIN              0
LT FREEZING RAIN          1     HAIL                       0
HEAVY SNOW                1     SNOW                       1
LIGHT SNOW                5     SLEET                      0
FOG                      12     FOG W/VIS <= 1/4 MILE      3
HAZE                     12

-  INDICATES NEGATIVE NUMBERS.
R  INDICATES RECORD WAS SET OR TIED.
MM INDICATES DATA IS MISSING.
T  INDICATES TRACE AMOUNT.

$$

JAM
