000
CXUS51 KBTV 011305 RRA
CLMBTV

CLIMATE REPORT
NATIONAL WEATHER SERVICE BURLINGTON VT
821 AM EDT FRI MAY 1 2015

...................................

...THE BURLINGTON VT CLIMATE SUMMARY FOR THE MONTH OF APRIL 2015...

CLIMATE NORMAL PERIOD 1981 TO 2010
CLIMATE RECORD PERIOD 1884 TO 2015

WEATHER         OBSERVED          NORMAL  DEPART  LAST YEAR`S
                 VALUE   DATE(S)  VALUE   FROM    VALUE  DATE(S)
                                          NORMAL
................................................................
TEMPERATURE (F)
RECORD
 HIGH              91   04/19/1976
                        04/18/1976
 LOW                2   04/07/1972
HIGHEST            75   04/13        54      21       81  04/14
LOWEST             20   04/01        34     -14       21  04/17
AVG. MAXIMUM     55.1              54.7     0.4     55.3
AVG. MINIMUM     34.4              34.8    -0.4     33.9
MEAN             44.8              44.8     0.0     44.6
DAYS MAX >= 90      0               0.0     0.0        0
DAYS MAX <= 32      0               0.3    -0.3        0
DAYS MIN <= 32     12              11.6     0.4       15
DAYS MIN <= 0       0               0.0     0.0        0

PRECIPITATION (INCHES)
RECORD
 MAXIMUM         7.88   2011
 MINIMUM         0.60   1896
TOTALS           2.64              2.82   -0.18     3.66
DAILY AVG.       0.09              0.09    0.00     0.12
DAYS >= .01        12              12.8    -0.8       14
DAYS >= .10         9               7.3     1.7        7
DAYS >= .50         1               1.7    -0.7        2
DAYS >= 1.00        0               0.2    -0.2        1
GREATEST
 24 HR. TOTAL    0.64   04/21 TO 04/21           04/15 TO 04/15
                                                          04/15 TO 04/15
                                                          04/15 TO 04/15
 STORM TOTAL       MM                                 MM
 (MM/DD(HH))            MM                    04/15(00) TO 04/15(00)
                                                 04/15(00) TO 04/15(00)5
                                                 04/15(00) TO 04/15(00)5

SNOWFALL (INCHES)
RECORDS
 TOTAL           21.3   5
                        0
                        -26215
TOTALS            3.1               4.6    -1.5      2.8
SINCE 7/1        83.4              81.2     2.2     86.5
SNOWDEPTH AVG.      0                MM      MM        0
DAYS >= 1.0         1               1.3    -0.3        1
GREATEST
 SNOW DEPTH         2   04/09                          4  04/01
 24 HR TOTAL      2.1   04/08                       04/15 TO 04/15
                                                          04/15 TO 04/15
                                                          04/15 TO 04/15

DEGREE_DAYS
HEATING TOTAL     599               610     -11      605
 SINCE 7/1       7306              7074     232     7392
COOLING TOTAL       0                 2      -2        0
 SINCE 1/1          0                 2      -2        0
......................................................

WIND (MPH)
AVERAGE WIND SPEED              8.7
HIGHEST WIND SPEED/DIRECTION    32/150    DATE  04/20
HIGHEST GUST SPEED/DIRECTION    47/140    DATE  04/20

SKY COVER
POSSIBLE SUNSHINE (PERCENT)   MM
AVERAGE SKY COVER           0.60
NUMBER OF DAYS FAIR            4
NUMBER OF DAYS PC             14
NUMBER OF DAYS CLOUDY         12

AVERAGE RH (PERCENT)     56

WEATHER CONDITIONS. NUMBER OF DAYS WITH
THUNDERSTORM              0     MIXED PRECIP               0
HEAVY RAIN                1     RAIN                       5
LIGHT RAIN               14     FREEZING RAIN              0
LT FREEZING RAIN          0     HAIL                       0
HEAVY SNOW                0     SNOW                       2
LIGHT SNOW                7     SLEET                      0
FOG                      10     FOG W/VIS <= 1/4 MILE      0
HAZE                      1

-  INDICATES NEGATIVE NUMBERS.
R  INDICATES RECORD WAS SET OR TIED.
MM INDICATES DATA IS MISSING.
T  INDICATES TRACE AMOUNT.

$$
