000
CXUS56 KSGX 011615
CLMCZZ


CLIMATE REPORT
NATIONAL WEATHER SERVICE SAN DIEGO, CA
915 AM PDT WED APR 1 2015

...................................

...THE CAMPO ASOS CA CLIMATE SUMMARY FOR THE MONTH OF MARCH 2015...

CLIMATE NORMAL PERIOD 1981 TO 2010
CLIMATE RECORD PERIOD 1948 TO 2015

WEATHER         OBSERVED          NORMAL  DEPART  LAST YEAR`S
                 VALUE   DATE(S)  VALUE   FROM    VALUE  DATE(S)
                                          NORMAL
................................................................
TEMPERATURE (F)
RECORD
 HIGH              92   03/20/1997
 LOW               15   03/15/1977
HIGHEST            87   03/27        66      21       80  03/29
                                                          03/16
LOWEST             30   03/09        36      -6       27  03/31
                                                          03/21
AVG. MAXIMUM     73.0              67.1     5.9     69.2
AVG. MINIMUM     37.4              36.0     1.4     36.4
MEAN             55.2              51.6     3.6     52.8
DAYS MAX >= 90      0               0.0     0.0        0
DAYS MAX <= 32      0               0.0     0.0        0
DAYS MAX >= 100     0                                  0
DAYS MIN <= 32      7               8.3    -1.3        4
DAYS MIN <= 0       0               0.0     0.0        0

PRECIPITATION (INCHES)
RECORD
 MAXIMUM         9.92   1983
 MINIMUM         0.00   1991
TOTALS           1.45              2.69   -1.24     0.75
DAILY AVG.       0.05              0.09   -0.04     0.02
DAYS >= .01         2               6.9    -4.9        4
DAYS >= .10         2               4.7    -2.7        1
DAYS >= .50         1               1.8    -0.8        1
DAYS >= 1.00        1               0.7     0.3        0
DAYS >= 1.50        0                                  0
DAYS >= 2.00        0                                  0
GREATEST
 24 HR. TOTAL    1.00   03/01 TO 03/01           03/01 TO 03/01
                                                          03/31 TO 03/31
                                                          03/31 TO 03/31
 STORM TOTAL       MM                                 MM
 (MM/DD(HH))            MM                    03/01(00) TO 03/01(00)
                                                 03/31(00) TO 03/31(00)1
                                                 03/31(00) TO 03/31(00)1

SNOWFALL (INCHES)
TOTALS            0.0
SINCE 7/1         0.0

DEGREE_DAYS
HEATING TOTAL     295               417    -122      372
 SINCE 7/1       1931              2468    -537     2242
COOLING TOTAL       0                 0       0        0
 SINCE 1/1          0                 0       0        0

FREEZE DATES
RECORD
 EARLIEST     08/25/1978
 LATEST       06/23/1991
EARLIEST                        10/16
LATEST                          05/19
..................................................

WIND (MPH)
AVERAGE WIND SPEED              8.3
RESULTANT WIND SPEED/DIRECTION   4/050
HIGHEST WIND SPEED/DIRECTION    33/050    DATE  03/13
HIGHEST GUST SPEED/DIRECTION    44/030    DATE  03/13

AVERAGE RH (PERCENT)     50


-  INDICATES NEGATIVE NUMBERS.
R  INDICATES RECORD WAS SET OR TIED.
MM INDICATES DATA IS MISSING.
T  INDICATES TRACE AMOUNT.

$$
