000
CXUS55 KCYS 060420
CLMDGW


CLIMATE REPORT
NATIONAL WEATHER SERVICE CHEYENNE WY
919 PM MST THU MAR 5 2015

...................................

...THE DOUGLAS WY AIRPORT CLIMATE SUMMARY FOR THE MONTH OF FEBRUARY 2015...

CLIMATE NORMAL PERIOD 1981 TO 2010
CLIMATE RECORD PERIOD 1998 TO 2015

WEATHER         OBSERVED          NORMAL  DEPART  LAST YEAR`S
                 VALUE   DATE(S)  VALUE   FROM    VALUE
                                          NORMAL
.............................................................
TEMPERATURE (F)
RECORD
 HIGH              66   02/09/2015
                        02/06/2015
                        07/11/1939
 LOW              -33   02/18/2006
HIGHEST            66R  02/09        MM      MM       58
                        02/06
LOWEST             -4   02/23        MM      MM      -25
AVG. MAXIMUM     44.0              40.1     3.9     30.5
AVG. MINIMUM     18.3              13.5     4.8      5.0
MEAN             31.1              26.8     4.3     17.8
DAYS MAX >= 90      0               0.0                0
DAYS MAX <= 32      9               6.8               14
DAYS MIN <= 32     25              27.4               27
DAYS MIN <= 0       1               3.9               11

PRECIPITATION (INCHES)
RECORD
 MAXIMUM         0.97   2014
 MINIMUM         0.11   2007
TOTALS           0.52              0.41    0.11     0.97
DAYS >= .01         7                MM      MM       16
DAYS >= .10         3                MM      MM        4
DAYS >= .50         0                MM      MM        0
DAYS >= 1.00        0                MM      MM        0
GREATEST
 24 HR. TOTAL    0.16   02/25 TO 02/25

DEGREE_DAYS
HEATING TOTAL     941              1069    -128     1316
 SINCE 7/1       5003              5400    -397     5590
COOLING TOTAL       0                 0       0        0
 SINCE 1/1          0                 0       0        0
..............................................................

WIND (MPH)
AVERAGE WIND SPEED              10.8
HIGHEST WIND SPEED/DIRECTION    61/280    DATE  02/07
HIGHEST GUST SPEED/DIRECTION    79/270    DATE  02/07

SKY COVER
POSSIBLE SUNSHINE (PERCENT)   MM
AVERAGE SKY COVER           0.40
NUMBER OF DAYS FAIR           13
NUMBER OF DAYS PC              7
NUMBER OF DAYS CLOUDY          8

AVERAGE RH (PERCENT)     64

WEATHER CONDITIONS. NUMBER OF DAYS WITH
THUNDERSTORM              0     MIXED PRECIP               0
HEAVY RAIN                0     RAIN                       0
LIGHT RAIN                3     FREEZING RAIN              0
LT FREEZING RAIN          0     HAIL                       0
HEAVY SNOW                1     SNOW                       3
LIGHT SNOW               12     SLEET                      0
FOG                      12     FOG W/VIS <= 1/4 MILE      2
HAZE                      6

-  INDICATES NEGATIVE NUMBERS.
R  INDICATES RECORD WAS SET OR TIED.
MM INDICATES DATA IS MISSING.
T  INDICATES TRACE AMOUNT.

$$
