000
CXUS54 KTSA 011656
CLMFYV

CLIMATE REPORT
NATIONAL WEATHER SERVICE TULSA OK
1009 AM CDT WED APR 1 2015

...................................

...THE FAYETTEVILLE ARKANSAS CLIMATE SUMMARY FOR THE MONTH OF MARCH 2015...

CLIMATE NORMAL PERIOD 1981 TO 2010
CLIMATE RECORD PERIOD 1905 TO 2015

WEATHER         OBSERVED          NORMAL  DEPART  LAST YEAR`S
                 VALUE   DATE(S)  VALUE   FROM    VALUE  DATE(S)
                                          NORMAL
................................................................
TEMPERATURE (F)
RECORD
 HIGH              89   03/22/1995
                        03/31/1974
 LOW                0   03/04/2002
HIGHEST            80   03/31        60      20       75  03/11
LOWEST             12   03/05        36     -24        3  03/03
AVG. MAXIMUM     59.5              60.1    -0.6     57.2
AVG. MINIMUM     36.1              36.2    -0.1     29.6
MEAN             47.8              48.1    -0.3     43.4
DAYS MAX >= 90      0               0.0     0.0        0
DAYS MAX <= 32      0               0.3    -0.3        1
DAYS MIN <= 32      7              11.9    -4.9       20
DAYS MIN <= 0       0               0.0     0.0        0

PRECIPITATION (INCHES)
RECORD
 MAXIMUM        10.05   2008
 MINIMUM         0.58   2001
TOTALS           4.63              3.95    0.68     5.58
DAILY AVG.       0.15              0.13    0.02     0.18
DAYS >= .01        15              10.3     4.7       14
DAYS >= .10         8               6.8     1.2        7
DAYS >= .50         4               2.9     1.1        4
DAYS >= 1.00        2               1.1     0.9        2
GREATEST
 24 HR. TOTAL    1.14   03/25 TO 03/25           03/16 TO 03/16
                                                          03/02 TO 03/02
                                                          03/02 TO 03/02

SNOWFALL (INCHES)
RECORDS
 TOTAL           15.0   1968
 24 HR TOTAL     12.0   03/21/2010 TO 03/21/2010
TOTALS            2.6               1.4     1.2      3.8
SINCE 7/1         7.9               7.0     0.9     17.9
SNOWDEPTH AVG.      0                MM      MM        0
DAYS >= TRACE       2               0.4     1.6        3
DAYS >= 1.0         1               0.2     0.8        1
GREATEST
 SNOW DEPTH         2   03/05                          3  03/03
                        03/01
 24 HR TOTAL      2.6   MM                       03/02 TO 03/02
                                                          03/02 TO 03/02
                                                          03/02 TO 03/02

DEGREE_DAYS
HEATING TOTAL     526               526       0      660
 SINCE 7/1       4012              3829     183     4380
COOLING TOTAL       0                 4      -4        0
 SINCE 1/1          0                 4      -4        0
...................................................

WIND (MPH)
AVERAGE WIND SPEED              5.2
HIGHEST WIND SPEED/DIRECTION    31/180    DATE  03/25
HIGHEST GUST SPEED/DIRECTION    39/180    DATE  03/25

SKY COVER
POSSIBLE SUNSHINE (PERCENT)   MM
AVERAGE SKY COVER           0.50
NUMBER OF DAYS FAIR           15
NUMBER OF DAYS PC              7
NUMBER OF DAYS CLOUDY          9

AVERAGE RH (PERCENT)     77

WEATHER CONDITIONS. NUMBER OF DAYS WITH
THUNDERSTORM              3     MIXED PRECIP               0
HEAVY RAIN                3     RAIN                       7
LIGHT RAIN               16     FREEZING RAIN              1
LT FREEZING RAIN          1     HAIL                       0
HEAVY SNOW                0     SNOW                       1
LIGHT SNOW                2     SLEET                      1
FOG                      22     FOG W/VIS <= 1/4 MILE      4
HAZE                      1

-  INDICATES NEGATIVE NUMBERS.
R  INDICATES RECORD WAS SET OR TIED.
MM INDICATES DATA IS MISSING.
T  INDICATES TRACE AMOUNT.

&&
-------------------------------------------------------------------
 YEARLY PRECIPITATION (INCHES):
 TOTAL..................... 7.69
 DEPARTURE FROM NORMAL.....-1.91
$$
