000
CXHW50 PHFO 132349
CLMHNL


CLIMATE REPORT
NATIONAL WEATHER SERVICE HONOLULU HI
149 PM HST MON APR 13 2015

...................................

...THE HONOLULU HI CLIMATE SUMMARY FOR THE MONTH OF MARCH 2015...

CLIMATE NORMAL PERIOD 1981 TO 2010
CLIMATE RECORD PERIOD 1946 TO 2015

WEATHER         OBSERVED          NORMAL  DEPART  LAST YEAR`S
                 VALUE   DATE(S)  VALUE   FROM    VALUE  DATE(S)
                                          NORMAL
................................................................
TEMPERATURE (F)
RECORD
 HIGH              89   03/17/1960
 LOW               55   03/13/1976
                        03/12/1976
                        03/17/1955
HIGHEST            87   03/23        82       5       85  03/25
LOWEST             58   03/10        67      -9       65  03/19
                                                          03/18
                                                          03/06
AVG. MAXIMUM     80.5              81.2    -0.7     81.1
AVG. MINIMUM     66.9              67.7    -0.8     68.4
MEAN             73.7              74.5    -0.8     74.7
DAYS MAX >= 90      0               0.0     0.0        0
DAYS MAX <= 32      0               0.0     0.0        0
DAYS MIN <= 32      0               0.0     0.0        0
DAYS MIN <= 0       0               0.0     0.0        0

PRECIPITATION (INCHES)
RECORD
 MAXIMUM        20.79   1951
 MINIMUM         0.01   1957
TOTALS           0.62              2.02   -1.40     2.61
DAILY AVG.       0.02              0.07   -0.05     0.08
DAYS >= .01        15               8.8     6.2       11
DAYS >= .10         2               3.3    -1.3        5
DAYS >= .50         0               1.1    -1.1        3
DAYS >= 1.00        0               0.6    -0.6        0
GREATEST
 24 HR. TOTAL    0.20   03/04 TO 03/04              0.68

SNOWFALL (INCHES)
RECORDS
 TOTAL            0.0   5
                        0
                        -26215
TOTALS            0.0               0.0     0.0      0.0
SINCE 7/1         0.0               0.0     0.0      0.0
SNOWDEPTH AVG.      0                MM      MM        0
DAYS >= 1.0         0               0.0     0.0        0
GREATEST
 SNOW DEPTH         0   MM                             0  MM
 24 HR TOTAL      0.0   03/31 TO 03/31               0.0

DEGREE_DAYS
HEATING TOTAL       0                 0       0        0
 SINCE 7/1          0                 0       0        0
COOLING TOTAL     276               293     -17      309
 SINCE 1/1        786               775      11      828
.................................................................

WIND (MPH)
AVERAGE WIND SPEED              8.7
HIGHEST WIND SPEED/DIRECTION    24/080    DATE  03/20
HIGHEST GUST SPEED/DIRECTION    36/090    DATE  03/22

SKY COVER
POSSIBLE SUNSHINE (PERCENT)   MM
AVERAGE SKY COVER           0.50
NUMBER OF DAYS FAIR            3
NUMBER OF DAYS PC             26
NUMBER OF DAYS CLOUDY          2

AVERAGE RH (PERCENT)     66

WEATHER CONDITIONS. NUMBER OF DAYS WITH
THUNDERSTORM              0     MIXED PRECIP               0
HEAVY RAIN                2     RAIN                       2
LIGHT RAIN               10     FREEZING RAIN              0
LT FREEZING RAIN          0     HAIL                       0
HEAVY SNOW                0     SNOW                       0
LIGHT SNOW                0     SLEET                      0
FOG                       5     FOG W/VIS <= 1/4 MILE      0
HAZE                      1

-  INDICATES NEGATIVE NUMBERS.
R  INDICATES RECORD WAS SET OR TIED.
MM INDICATES DATA IS MISSING.
T  INDICATES TRACE AMOUNT.

$$
