000
CXUS53 KDVN 011004
CLMIOW


CLIMATE REPORT
NATIONAL WEATHER SERVICE QUAD CITIES IA IL
459 AM CDT FRI MAY 1 2015

...................................

...THE IOWA CITY IA CLIMATE SUMMARY FOR THE MONTH OF APRIL 2015...

CLIMATE NORMAL PERIOD 1981 TO 2010
CLIMATE RECORD PERIOD 9999 TO 9999

WEATHER         OBSERVED          NORMAL  DEPART
                 VALUE   DATE(S)  VALUE   FROM
                                          NORMAL
................................................
TEMPERATURE (F)
HIGHEST            80   04/01        66      14
LOWEST             23   04/04        35     -12
AVG. MAXIMUM     64.7              61.7     3.0
AVG. MINIMUM     39.2              40.2    -1.0
MEAN             51.9              51.0     0.9
DAYS MAX >= 90      0
DAYS MAX <= 32      0
DAYS MIN <= 32      5
DAYS MIN <= 0       0

PRECIPITATION (INCHES)
TOTALS           3.10              3.50   -0.40
DAILY AVG.       0.10              0.12   -0.02
DAYS >= .01        11
DAYS >= .10         6
DAYS >= .50         4
DAYS >= 1.00        0
GREATEST
 24 HR. TOTAL    1.19   04/24 TO 04/25

DEGREE_DAYS
HEATING TOTAL     384               426     -42
 SINCE 7/1       6593              6193     400
COOLING TOTAL       0                 4      -4
 SINCE 1/1          0                 4      -4
.................................................

WIND (MPH)
AVERAGE WIND SPEED              9.5
HIGHEST WIND SPEED/DIRECTION    37/270    DATE  04/21
HIGHEST GUST SPEED/DIRECTION    48/280    DATE  04/21

SKY COVER
POSSIBLE SUNSHINE (PERCENT)   MM
AVERAGE SKY COVER           0.30
NUMBER OF DAYS FAIR           19
NUMBER OF DAYS PC              4
NUMBER OF DAYS CLOUDY          7

AVERAGE RH (PERCENT)     60

WEATHER CONDITIONS. NUMBER OF DAYS WITH
THUNDERSTORM              0     HAIL                       0
SLEET                     0     FOG                       13
FOG W/VIS <= 1/4 MILE     1     HAZE                       5

-  INDICATES NEGATIVE NUMBERS.
R  INDICATES RECORD WAS SET OR TIED.
MM INDICATES DATA IS MISSING.
T  INDICATES TRACE AMOUNT.

$$
