000
CXUS53 KMKX 021745
CLMMKE


CLIMATE REPORT
NATIONAL WEATHER SERVICE IN MILWAUKEE
1221 PM CDT THU APR 2 2015

...................................

...THE MILWAUKEE WI CLIMATE SUMMARY FOR THE MONTH OF MARCH 2015...

CLIMATE NORMAL PERIOD 1981 TO 2010
CLIMATE RECORD PERIOD 1871 TO 2015

WEATHER         OBSERVED          NORMAL  DEPART  LAST YEAR`S
                 VALUE   DATE(S)  VALUE   FROM    VALUE  DATE(S)
                                          NORMAL
................................................................
TEMPERATURE (F)
RECORD
 HIGH              84   03/21/2012
 LOW              -10   03/01/1962
HIGHEST            71   03/16        63       8       58  03/31
LOWEST              0   03/06         8      -8       -1  03/03
AVG. MAXIMUM     43.6              42.4     1.2     36.7
AVG. MINIMUM     25.7              27.7    -2.0     21.2
MEAN             34.7              35.0    -0.3     28.9
DAYS MAX >= 90      0               0.0     0.0        0
DAYS MAX <= 32      6               4.6     1.4       10
DAYS MIN <= 32     22              21.6     0.4       25
DAYS MIN <= 0       1               0.1     0.9        1

PRECIPITATION (INCHES)
RECORD
 MAXIMUM         6.93   1976
 MINIMUM         0.05   1910
TOTALS           0.83              2.27   -1.44     1.12
DAILY AVG.       0.03              0.07   -0.04     0.04
DAYS >= .01         7              11.4    -4.4        9
DAYS >= .10         3               5.4    -2.4        4
DAYS >= .50         0               1.5    -1.5        0
DAYS >= 1.00        0               0.2    -0.2        0
GREATEST
 24 HR. TOTAL    0.36   03/25 TO 03/25              0.46

SNOWFALL (INCHES)
RECORDS
 TOTAL           36.3   1931
TOTALS            4.9               7.0    -2.1      6.3
SINCE 7/1        43.0              44.8    -1.8     63.1
SNOWDEPTH AVG.      2                MM      MM        3
DAYS >= 1.0         2               2.0     0.0        2
GREATEST
 SNOW DEPTH        10   03/05                         13  03/05
                        03/04
 24 HR TOTAL      3.4   03/03 TO 03/03               2.7

DEGREE_DAYS
HEATING TOTAL     931               929       2     1110
 SINCE 7/1       6263              5909     354     6766
COOLING TOTAL       0                 0       0        0
 SINCE 1/1          0                 0       0        0
.................................................................

WIND (MPH)
AVERAGE WIND SPEED              9.8
HIGHEST WIND SPEED/DIRECTION    33/220    DATE  03/29
HIGHEST GUST SPEED/DIRECTION    41/230    DATE  03/29

SKY COVER
POSSIBLE SUNSHINE (PERCENT)   MM
AVERAGE SKY COVER           0.50
NUMBER OF DAYS FAIR            5
NUMBER OF DAYS PC             21
NUMBER OF DAYS CLOUDY          5

AVERAGE RH (PERCENT)     61

WEATHER CONDITIONS. NUMBER OF DAYS WITH
THUNDERSTORM              0     MIXED PRECIP               0
HEAVY RAIN                0     RAIN                       1
LIGHT RAIN                4     FREEZING RAIN              0
LT FREEZING RAIN          1     HAIL                       0
HEAVY SNOW                0     SNOW                       2
LIGHT SNOW                6     SLEET                      1
FOG                      12     FOG W/VIS <= 1/4 MILE      1
HAZE                     19

-  INDICATES NEGATIVE NUMBERS.
R  INDICATES RECORD WAS SET OR TIED.
MM INDICATES DATA IS MISSING.
T  INDICATES TRACE AMOUNT.

$$
