000
CXHW52 PHFO 011655
CLMOGG


CLIMATE REPORT
NATIONAL WEATHER SERVICE HONOLULU HI
645 AM HST WED APR 1 2015

...................................

...THE KAHULUI HI CLIMATE SUMMARY FOR THE MONTH OF MARCH 2015...

CLIMATE NORMAL PERIOD 1981 TO 2010
CLIMATE RECORD PERIOD 1946 TO 2015

WEATHER         OBSERVED          NORMAL  DEPART  LAST YEAR`S
                 VALUE   DATE(S)  VALUE   FROM    VALUE  DATE(S)
                                          NORMAL
................................................................
TEMPERATURE (F)
RECORD
 HIGH              90   03/12/1984
                        03/26/1981
                        03/20/1952
 LOW               51   03/16/2005
HIGHEST            88   03/31        82       6       86  03/27
                                                          03/26
LOWEST             55   03/30        65     -10       58  03/05
AVG. MAXIMUM     80.3              81.4    -1.1     81.4
AVG. MINIMUM     64.4              64.4     0.0     67.0
MEAN             72.4              72.9    -0.5     74.2
DAYS MAX >= 90      0               0.0     0.0        0
DAYS MAX <= 32      0               0.0     0.0        0
DAYS MIN <= 32      0               0.0     0.0        0
DAYS MIN <= 0       0               0.0     0.0        0

PRECIPITATION (INCHES)
RECORD
 MAXIMUM        10.90   1967
 MINIMUM            T   2010
TOTALS           9.79              2.45    7.34     3.75
DAILY AVG.       0.32              0.08    0.24     0.12
DAYS >= .01        13              10.3     2.7       17
DAYS >= .10         9               4.4     4.6        8
DAYS >= .50         7               1.6     5.4        3
DAYS >= 1.00        4               0.6     3.4        0
GREATEST
 24 HR. TOTAL    2.26   03/01 TO 03/01              0.77

SNOWFALL (INCHES)
RECORDS
 TOTAL             MM   5
TOTALS            0.0               0.0     0.0      0.0
SINCE 7/1         0.0               0.0     0.0      0.0
SNOWDEPTH AVG.      0                MM      MM        0
DAYS >= 1.0         0               0.0     0.0        0
GREATEST
 SNOW DEPTH         0   MM                             0  MM
 24 HR TOTAL      0.0   03/31 TO 03/31               0.0

DEGREE_DAYS
HEATING TOTAL       0                 0       0        0
 SINCE 7/1          0                 0       0        0
COOLING TOTAL     226               245     -19      293
 SINCE 1/1        630               654     -24      804
.................................................................

WIND (MPH)
AVERAGE WIND SPEED              10.8
HIGHEST WIND SPEED/DIRECTION    31/040    DATE  03/26
HIGHEST GUST SPEED/DIRECTION    36/040    DATE  03/26

SKY COVER
POSSIBLE SUNSHINE (PERCENT)   MM
AVERAGE SKY COVER           0.50
NUMBER OF DAYS FAIR           11
NUMBER OF DAYS PC             11
NUMBER OF DAYS CLOUDY          9

AVERAGE RH (PERCENT)     70

WEATHER CONDITIONS. NUMBER OF DAYS WITH
THUNDERSTORM              0     MIXED PRECIP               0
HEAVY RAIN                6     RAIN                       8
LIGHT RAIN               13     FREEZING RAIN              0
LT FREEZING RAIN          0     HAIL                       0
HEAVY SNOW                0     SNOW                       0
LIGHT SNOW                0     SLEET                      0
FOG                      11     FOG W/VIS <= 1/4 MILE      0
HAZE                      1

-  INDICATES NEGATIVE NUMBERS.
R  INDICATES RECORD WAS SET OR TIED.
MM INDICATES DATA IS MISSING.
T  INDICATES TRACE AMOUNT.

$$
