000
CXUS56 KSGX 011615
CLMSAN


CLIMATE REPORT
NATIONAL WEATHER SERVICE SAN DIEGO, CA
915 AM PDT WED APR 1 2015

...................................

...THE SAN DIEGO/LINDBERGH FIELD CA CLIMATE SUMMARY FOR THE MONTH OF MARCH 2015...

CLIMATE NORMAL PERIOD 1981 TO 2010
CLIMATE RECORD PERIOD 1874 TO 2015

WEATHER         OBSERVED          NORMAL  DEPART  LAST YEAR`S
                 VALUE   DATE(S)  VALUE   FROM    VALUE  DATE(S)
                                          NORMAL
................................................................
TEMPERATURE (F)
RECORD
 HIGH              99   03/29/1879
 LOW               36   03/05/1894
HIGHEST            90   03/14        66      24       87  03/16
LOWEST             50   03/05        53      -3       52  03/03
AVG. MAXIMUM     74.2              65.6     8.6     69.9
AVG. MINIMUM     58.9              53.2     5.7     58.3
MEAN             66.6              59.4     7.2     64.1
DAYS MAX >= 90      1               0.1     0.9        0
DAYS MAX <= 32      0               0.0     0.0        0
DAYS MAX >= 100     0                                  0
DAYS MIN <= 32      0               0.0     0.0        0

PRECIPITATION (INCHES)
RECORD
 MAXIMUM         7.88   1867
 MINIMUM         0.00   1997
                        1865
                        1857
TOTALS           0.93              1.81   -0.88     1.28
DAILY AVG.       0.03              0.06   -0.03     0.04
DAYS >= .01         2               6.5    -4.5        4
DAYS >= .10         2               3.4    -1.4        2
DAYS >= .50         1               1.3    -0.3        1
DAYS >= 1.00        0               0.4    -0.4        1
DAYS >= 1.50        0                                  0
DAYS >= 2.00        0                                  0
GREATEST
 24 HR. TOTAL    0.68   03/01 TO 03/01           03/01 TO 03/01
                                                          03/31 TO 03/31
                                                          03/31 TO 03/31
 STORM TOTAL       MM                                 MM
 (MM/DD(HH))            MM                    03/01(00) TO 03/01(00)
                                                 03/31(00) TO 03/31(00)1
                                                 03/31(00) TO 03/31(00)1

SNOWFALL (INCHES)
TOTALS            0.0               0.0     0.0      0.0
SINCE 7/1         0.0               0.0     0.0      0.0
SNOWDEPTH AVG.      0

DEGREE_DAYS
HEATING TOTAL      36               178    -142       40
 SINCE 7/1        382              1036    -654      496
COOLING TOTAL      93                 5      88       20
 SINCE 1/1        115                10     105       29

FREEZE DATES
RECORD
 EARLIEST     MM
 LATEST       MM
EARLIEST                        MM
LATEST                          MM
..................................................

WIND (MPH)
AVERAGE WIND SPEED              4.7
RESULTANT WIND SPEED/DIRECTION   2/291
HIGHEST WIND SPEED/DIRECTION    20/220    DATE  03/02
HIGHEST GUST SPEED/DIRECTION    25/160    DATE  03/02

SKY COVER
POSSIBLE SUNSHINE (PERCENT)   MM
AVERAGE SKY COVER           0.50
NUMBER OF DAYS FAIR           11
NUMBER OF DAYS PC             13
NUMBER OF DAYS CLOUDY          7

AVERAGE RH (PERCENT)     58

WEATHER CONDITIONS. NUMBER OF DAYS WITH
THUNDERSTORM              0     MIXED PRECIP               0
HEAVY RAIN                1     RAIN                       2
LIGHT RAIN                2     FREEZING RAIN              0
LT FREEZING RAIN          0     HAIL                       0
HEAVY SNOW                0     SNOW                       0
LIGHT SNOW                0     SLEET                      0
FOG                       7     FOG W/VIS <= 1/4 MILE      1
HAZE                      6

-  INDICATES NEGATIVE NUMBERS.
R  INDICATES RECORD WAS SET OR TIED.
MM INDICATES DATA IS MISSING.
T  INDICATES TRACE AMOUNT.

$$
