000
CXUS53 KLOT 011211
CLMVPZ


CLIMATE REPORT
NATIONAL WEATHER SERVICE CHICAGO IL
643 AM CDT FRI MAY 1 2015

...................................

...THE VALPARAISO CLIMATE SUMMARY FOR THE MONTH OF APRIL 2015...

CLIMATE NORMAL PERIOD 1981 TO 2010
CLIMATE RECORD PERIOD 1998 TO 2015

WEATHER         OBSERVED          NORMAL  DEPART  LAST YEAR`S
                 VALUE   DATE(S)  VALUE   FROM    VALUE
                                          NORMAL
.............................................................
TEMPERATURE (F)
RECORD
 HIGH              88   04/18/2002
                        04/18/2002
 LOW               20   04/03/2013
                        04/10/2007
                        01/05/1999
HIGHEST            78   04/17                         77
LOWEST             25   04/04                         22
AVG. MAXIMUM     61.3              59.7     1.6     58.9
AVG. MINIMUM     38.3              38.5    -0.2     36.0
MEAN             49.8              49.1     0.7     47.5

PRECIPITATION (INCHES)
RECORD
 MAXIMUM         6.22   1999
 MINIMUM         1.15   2005
TOTALS           2.15              3.53   -1.38     2.20

DEGREE_DAYS
HEATING TOTAL     447               482     -35      518
 SINCE 7/1       6668              6059     609     6967
COOLING TOTAL       0                 5      -5        0
 SINCE 1/1          0                 5      -5        0
..............................................................

WIND (MPH)
AVERAGE WIND SPEED              9.9
HIGHEST WIND SPEED/DIRECTION    40/260    DATE  04/21
HIGHEST GUST SPEED/DIRECTION    53/250    DATE  04/21

AVERAGE RH (PERCENT)     62


-  INDICATES NEGATIVE NUMBERS.
R  INDICATES RECORD WAS SET OR TIED.
MM INDICATES DATA IS MISSING.
T  INDICATES TRACE AMOUNT.

$$
