000
CDUS43 KDLH 270635
CLIDLH


CLIMATE REPORT
NATIONAL WEATHER SERVICE DULUTH MN
132 AM CDT MON APR 27 2015


...................................

...THE DULUTH MN CLIMATE SUMMARY FOR APRIL 26 2015...

CLIMATE NORMAL PERIOD 1981 TO 2010
CLIMATE RECORD PERIOD 1870 TO 2015


WEATHER ITEM   OBSERVED TIME   RECORD YEAR NORMAL DEPARTURE LAST
                VALUE   (LST)  VALUE       VALUE  FROM      YEAR
                                                  NORMAL
..................................................................
TEMPERATURE (F)
 YESTERDAY
  MAXIMUM         55    306 PM  79    1952  55      0       41
  MINIMUM         29    307 AM  20    1996  34     -5       30
                                      1950
  AVERAGE         42                        45     -3       36

PRECIPITATION (IN)
  YESTERDAY        0.00          1.29 1994   0.09  -0.09     0.00
  MONTH TO DATE    1.03                      2.03  -1.00     2.40
  SINCE MAR 1      1.82                      3.52  -1.70     4.31
  SINCE JAN 1      2.66                      5.29  -2.63     7.16

SNOWFALL (IN)
  YESTERDAY        0.0           6.2  1893   0.2   -0.2      0.0
  MONTH TO DATE    1.2                       6.5   -5.3     25.5
  SINCE MAR 1      9.3                      19.7  -10.4     46.4
  SINCE JUL 1     49.2                      85.3  -36.1    130.2
  SNOW DEPTH       0

DEGREE DAYS
 HEATING
  YESTERDAY       23                        20      3       29
  MONTH TO DATE  609                       684    -75      775
  SINCE MAR 1   1668                      1894   -226     2214
  SINCE JUL 1   8507                      8761   -254     9655

 COOLING
  YESTERDAY        0                         0      0        0
  MONTH TO DATE    0                         0      0        0
  SINCE MAR 1      0                         0      0        0
  SINCE JAN 1      0                         0      0        0
..................................................................


WIND (MPH)
  HIGHEST WIND SPEED    15   HIGHEST WIND DIRECTION     E (110)
  HIGHEST GUST SPEED    18   HIGHEST GUST DIRECTION    SE (130)
  AVERAGE WIND SPEED     6.0


SKY COVER
  AVERAGE SKY COVER 0.0


WEATHER CONDITIONS
 THE FOLLOWING WEATHER WAS RECORDED YESTERDAY.
  NO SIGNIFICANT WEATHER WAS OBSERVED.


RELATIVE HUMIDITY (PERCENT)
 HIGHEST    64          1100 PM
 LOWEST     19           400 PM
 AVERAGE    42

..........................................................


THE DULUTH MN CLIMATE NORMALS FOR TODAY
                         NORMAL    RECORD    YEAR
 MAXIMUM TEMPERATURE (F)   55        88      1952
 MINIMUM TEMPERATURE (F)   35        18      1909


SUNRISE AND SUNSET
APRIL 27 2015.........SUNRISE   600 AM CDT   SUNSET   813 PM CDT
APRIL 28 2015.........SUNRISE   559 AM CDT   SUNSET   814 PM CDT


-  INDICATES NEGATIVE NUMBERS.
R  INDICATES RECORD WAS SET OR TIED.
MM INDICATES DATA IS MISSING.
T  INDICATES TRACE AMOUNT.




$$
