000
CDUS43 KDLH 140623
CLIDLH


CLIMATE REPORT
NATIONAL WEATHER SERVICE DULUTH MN
121 AM CDT TUE APR 14 2015


...................................

...THE DULUTH MN CLIMATE SUMMARY FOR APRIL 13 2015...

CLIMATE NORMAL PERIOD 1981 TO 2010
CLIMATE RECORD PERIOD 1870 TO 2015


WEATHER ITEM   OBSERVED TIME   RECORD YEAR NORMAL DEPARTURE LAST
                VALUE   (LST)  VALUE       VALUE  FROM      YEAR
                                                  NORMAL
..................................................................
TEMPERATURE (F)
 YESTERDAY
  MAXIMUM         58   1237 PM  74    1941  48     10       39
  MINIMUM         35   1159 PM   9    1950  29      6       28
  AVERAGE         47                        38      9       34

PRECIPITATION (IN)
  YESTERDAY        T             0.98 1960   0.08  -0.08      T
  MONTH TO DATE    0.45                      0.90  -0.45     0.84
  SINCE MAR 1      1.24                      2.39  -1.15     2.75
  SINCE JAN 1      2.08                      4.16  -2.08     5.60

SNOWFALL (IN)
  YESTERDAY        0.0           3.7  1983   0.3   -0.3       T
  MONTH TO DATE    0.1                       4.0   -3.9     13.4
  SINCE MAR 1      8.2                      17.2   -9.0     34.3
  SINCE JUL 1     48.1                      82.8  -34.7    118.1
  SNOW DEPTH       0

DEGREE DAYS
 HEATING
  YESTERDAY       18                        27     -9       31
  MONTH TO DATE  329                       382    -53      385
  SINCE MAR 1   1388                      1592   -204     1824
  SINCE JUL 1   8227                      8459   -232     9265

 COOLING
  YESTERDAY        0                         0      0        0
  MONTH TO DATE    0                         0      0        0
  SINCE MAR 1      0                         0      0        0
  SINCE JAN 1      0                         0      0        0
..................................................................


WIND (MPH)
  HIGHEST WIND SPEED    33   HIGHEST WIND DIRECTION     W (280)
  HIGHEST GUST SPEED    44   HIGHEST GUST DIRECTION    NW (310)
  AVERAGE WIND SPEED    14.0


SKY COVER
  AVERAGE SKY COVER 0.4


WEATHER CONDITIONS
 THE FOLLOWING WEATHER WAS RECORDED YESTERDAY.
  LIGHT RAIN


RELATIVE HUMIDITY (PERCENT)
 HIGHEST    67           600 AM
 LOWEST     24           100 PM
 AVERAGE    46

..........................................................


THE DULUTH MN CLIMATE NORMALS FOR TODAY
                         NORMAL    RECORD    YEAR
 MAXIMUM TEMPERATURE (F)   49        82      1908
 MINIMUM TEMPERATURE (F)   29         8      2013
                                             1926


SUNRISE AND SUNSET
APRIL 14 2015.........SUNRISE   623 AM CDT   SUNSET   755 PM CDT
APRIL 15 2015.........SUNRISE   621 AM CDT   SUNSET   756 PM CDT


-  INDICATES NEGATIVE NUMBERS.
R  INDICATES RECORD WAS SET OR TIED.
MM INDICATES DATA IS MISSING.
T  INDICATES TRACE AMOUNT.




$$
