000
CDUS43 KDLH 240631
CLIDLH


CLIMATE REPORT
NATIONAL WEATHER SERVICE DULUTH MN
131 AM CDT TUE MAR 24 2015


...................................

...THE DULUTH MN CLIMATE SUMMARY FOR MARCH 23 2015...

CLIMATE NORMAL PERIOD 1981 TO 2010
CLIMATE RECORD PERIOD 1870 TO 2015


WEATHER ITEM   OBSERVED TIME   RECORD YEAR NORMAL DEPARTURE LAST
                VALUE   (LST)  VALUE       VALUE  FROM      YEAR
                                                  NORMAL
..................................................................
TEMPERATURE (F)
 YESTERDAY
  MAXIMUM         39    203 PM  68    1939  37      2       19
  MINIMUM         23    327 AM -17    1974  20      3       -4
  AVERAGE         31                        29      2        8

PRECIPITATION (IN)
  YESTERDAY        0.00          1.35 2009   0.05  -0.05     0.00
  MONTH TO DATE    0.55                      1.06  -0.51     0.91
  SINCE MAR 1      0.55                      1.06  -0.51     0.91
  SINCE JAN 1      1.39                      2.83  -1.44     3.76

SNOWFALL (IN)
  YESTERDAY        0.0           7.0  1893   0.4   -0.4      0.0
  MONTH TO DATE    5.9                      10.7   -4.8     14.9
  SINCE MAR 1      5.9                      10.7   -4.8     14.9
  SINCE JUL 1     45.8                      76.3  -30.5     98.7
  SNOW DEPTH       0

DEGREE DAYS
 HEATING
  YESTERDAY       34                        36     -2       57
  MONTH TO DATE  803                       937   -134     1107
  SINCE MAR 1    803                       937   -134     1107
  SINCE JUL 1   7642                      7804   -162     8548

 COOLING
  YESTERDAY        0                         0      0        0
  MONTH TO DATE    0                         0      0        0
  SINCE MAR 1      0                         0      0        0
  SINCE JAN 1      0                         0      0        0
..................................................................


WIND (MPH)
  HIGHEST WIND SPEED    15   HIGHEST WIND DIRECTION     E (110)
  HIGHEST GUST SPEED    17   HIGHEST GUST DIRECTION     E (110)
  AVERAGE WIND SPEED     8.7


SKY COVER
  AVERAGE SKY COVER 0.6


WEATHER CONDITIONS
 THE FOLLOWING WEATHER WAS RECORDED YESTERDAY.
  NO SIGNIFICANT WEATHER WAS OBSERVED.


RELATIVE HUMIDITY (PERCENT)
 HIGHEST    81          1100 PM
 LOWEST     44          1200 PM
 AVERAGE    63

..........................................................


THE DULUTH MN CLIMATE NORMALS FOR TODAY
                         NORMAL    RECORD    YEAR
 MAXIMUM TEMPERATURE (F)   38        70      2012
 MINIMUM TEMPERATURE (F)   21       -21      1974


SUNRISE AND SUNSET
MARCH 24 2015.........SUNRISE   704 AM CDT   SUNSET   726 PM CDT
MARCH 25 2015.........SUNRISE   702 AM CDT   SUNSET   728 PM CDT


-  INDICATES NEGATIVE NUMBERS.
R  INDICATES RECORD WAS SET OR TIED.
MM INDICATES DATA IS MISSING.
T  INDICATES TRACE AMOUNT.




$$
