000
CDUS43 KDLH 060622
CLIDLH


CLIMATE REPORT
NATIONAL WEATHER SERVICE DULUTH MN
122 AM CDT MON APR 6 2015


...................................

...THE DULUTH MN CLIMATE SUMMARY FOR APRIL 5 2015...

CLIMATE NORMAL PERIOD 1981 TO 2010
CLIMATE RECORD PERIOD 1870 TO 2015


WEATHER ITEM   OBSERVED TIME   RECORD YEAR NORMAL DEPARTURE LAST
                VALUE   (LST)  VALUE       VALUE  FROM      YEAR
                                                  NORMAL
..................................................................
TEMPERATURE (F)
 YESTERDAY
  MAXIMUM         36    127 PM  79    1991  44     -8       44
  MINIMUM         22    525 AM   2    1971  26     -4       15
  AVERAGE         29                        35     -6       30

PRECIPITATION (IN)
  YESTERDAY        0.00          1.02 1947   0.06  -0.06     0.00
  MONTH TO DATE    T                         0.31  -0.31     0.76
  SINCE MAR 1      0.79                      1.80  -1.01     2.67
  SINCE JAN 1      1.63                      3.57  -1.94     5.52

SNOWFALL (IN)
  YESTERDAY        0.0           7.3  1933   0.3   -0.3      0.0
  MONTH TO DATE    0.1                       1.6   -1.5     12.9
  SINCE MAR 1      8.2                      14.8   -6.6     33.8
  SINCE JUL 1     48.1                      80.4  -32.3    117.6
  SNOW DEPTH       0

DEGREE DAYS
 HEATING
  YESTERDAY       36                        30      6       35
  MONTH TO DATE  146                       156    -10      188
  SINCE MAR 1   1205                      1366   -161     1627
  SINCE JUL 1   8044                      8233   -189     9068

 COOLING
  YESTERDAY        0                         0      0        0
  MONTH TO DATE    0                         0      0        0
  SINCE MAR 1      0                         0      0        0
  SINCE JAN 1      0                         0      0        0
..................................................................


WIND (MPH)
  HIGHEST WIND SPEED    15   HIGHEST WIND DIRECTION    SE (130)
  HIGHEST GUST SPEED    22   HIGHEST GUST DIRECTION    SE (150)
  AVERAGE WIND SPEED     9.0


SKY COVER
  AVERAGE SKY COVER 0.4


WEATHER CONDITIONS
 THE FOLLOWING WEATHER WAS RECORDED YESTERDAY.
  NO SIGNIFICANT WEATHER WAS OBSERVED.


RELATIVE HUMIDITY (PERCENT)
 HIGHEST    69           800 AM
 LOWEST     47           100 PM
 AVERAGE    58

..........................................................


THE DULUTH MN CLIMATE NORMALS FOR TODAY
                         NORMAL    RECORD    YEAR
 MAXIMUM TEMPERATURE (F)   44        75      1900
 MINIMUM TEMPERATURE (F)   26         2      1982
                                             1979


SUNRISE AND SUNSET
APRIL  6 2015.........SUNRISE   638 AM CDT   SUNSET   744 PM CDT
APRIL  7 2015.........SUNRISE   637 AM CDT   SUNSET   746 PM CDT


-  INDICATES NEGATIVE NUMBERS.
R  INDICATES RECORD WAS SET OR TIED.
MM INDICATES DATA IS MISSING.
T  INDICATES TRACE AMOUNT.




$$
