000
CDUS43 KDLH 030641
CLIDLH


CLIMATE REPORT
NATIONAL WEATHER SERVICE DULUTH MN
140 AM CDT SUN MAY 3 2015


...................................

...THE DULUTH MN CLIMATE SUMMARY FOR MAY 2 2015...

CLIMATE NORMAL PERIOD 1981 TO 2010
CLIMATE RECORD PERIOD 1870 TO 2015


WEATHER ITEM   OBSERVED TIME   RECORD YEAR NORMAL DEPARTURE LAST
                VALUE   (LST)  VALUE       VALUE  FROM      YEAR
                                                  NORMAL
..................................................................
TEMPERATURE (F)
 YESTERDAY
  MAXIMUM         78    237 PM  86    1880  58     20       51
  MINIMUM         46    446 AM  21    2002  37      9       35
                                      1967
  AVERAGE         62                        47     15       43

PRECIPITATION (IN)
  YESTERDAY        0.00          1.93 1887   0.10  -0.10     0.01
  MONTH TO DATE    0.00                      0.20  -0.20     0.10
  SINCE MAR 1      1.82                      4.12  -2.30     5.31
  SINCE JAN 1      2.66                      5.89  -3.23     8.16

SNOWFALL (IN)
  YESTERDAY        0.0           4.3  1950   0.1   -0.1      0.0
  MONTH TO DATE    0.0                       0.1   -0.1      0.0
  SINCE MAR 1      9.3                      20.2  -10.9     47.2
  SINCE JUL 1     49.2                      85.8  -36.6    131.0
  SNOW DEPTH       0

DEGREE DAYS
 HEATING
  YESTERDAY        3                        18    -15       22
  MONTH TO DATE   16                        36    -20       46
  SINCE MAR 1   1750                      2008   -258     2371
  SINCE JUL 1   8589                      8875   -286     9812

 COOLING
  YESTERDAY        0                         0      0        0
  MONTH TO DATE    0                         0      0        0
  SINCE MAR 1      0                         0      0        0
  SINCE JAN 1      0                         0      0        0
..................................................................


WIND (MPH)
  HIGHEST WIND SPEED    21   HIGHEST WIND DIRECTION     S (200)
  HIGHEST GUST SPEED    23   HIGHEST GUST DIRECTION     S (200)
  AVERAGE WIND SPEED     7.5


SKY COVER
  AVERAGE SKY COVER 0.1


WEATHER CONDITIONS
 THE FOLLOWING WEATHER WAS RECORDED YESTERDAY.
  NO SIGNIFICANT WEATHER WAS OBSERVED.


RELATIVE HUMIDITY (PERCENT)
 HIGHEST    86           500 AM
 LOWEST     24           200 PM
 AVERAGE    55

..........................................................


THE DULUTH MN CLIMATE NORMALS FOR TODAY
                         NORMAL    RECORD    YEAR
 MAXIMUM TEMPERATURE (F)   58        85      1952
 MINIMUM TEMPERATURE (F)   37        16      1907


SUNRISE AND SUNSET
MAY  3 2015...........SUNRISE   551 AM CDT   SUNSET   821 PM CDT
MAY  4 2015...........SUNRISE   549 AM CDT   SUNSET   823 PM CDT


-  INDICATES NEGATIVE NUMBERS.
R  INDICATES RECORD WAS SET OR TIED.
MM INDICATES DATA IS MISSING.
T  INDICATES TRACE AMOUNT.




$$
