000
CDUS43 KDLH 212230
CLIDLH


CLIMATE REPORT
NATIONAL WEATHER SERVICE DULUTH MN
529 PM CDT TUE APR 21 2015


...................................

...THE DULUTH MN CLIMATE SUMMARY FOR APRIL 21 2015...
VALID TODAY AS OF 0500 PM LOCAL TIME.

CLIMATE NORMAL PERIOD 1981 TO 2010
CLIMATE RECORD PERIOD 1870 TO 2015


WEATHER ITEM   OBSERVED TIME   RECORD YEAR NORMAL DEPARTURE LAST
                VALUE   (LST)  VALUE       VALUE  FROM      YEAR
                                                  NORMAL
..................................................................
TEMPERATURE (F)
 TODAY
  MAXIMUM         35   1209 PM  76    1990  52    -17       60
  MINIMUM         30    359 PM  18    1991  32     -2       36
  AVERAGE         33                        42     -9       48

PRECIPITATION (IN)
  TODAY            0.04          1.54 1964   0.09  -0.05     0.00
  MONTH TO DATE    1.02                      1.58  -0.56     1.51
  SINCE MAR 1      1.81                      3.07  -1.26     3.42
  SINCE JAN 1      2.65                      4.84  -2.19     6.27

SNOWFALL (IN)
  TODAY            0.9           6.4  1912   0.2    0.7      0.0
  MONTH TO DATE    1.5                       5.7   -4.2     20.6
  SINCE JUL 1     49.5                      84.5  -35.0    125.3
  SNOW DEPTH       T

DEGREE DAYS
 HEATING
  TODAY           32                        23      9       17
  MONTH TO DATE  476                       578   -102      640
  SINCE MAR 1   1535                      1788   -253     2079
  SINCE JUL 1   8374                      8655   -281     9520

 COOLING
  TODAY            0                         0      0        0
  MONTH TO DATE    0                         0      0        0
  SINCE MAR 1      0                         0      0        0
  SINCE JAN 1      0                         0      0        0
..................................................................


WIND (MPH)
  HIGHEST WIND SPEED    28   HIGHEST WIND DIRECTION    NW (320)
  HIGHEST GUST SPEED    38   HIGHEST GUST DIRECTION    NW (330)
  AVERAGE WIND SPEED    16.9


SKY COVER
  POSSIBLE SUNSHINE  MM
  AVERAGE SKY COVER 1.0


WEATHER CONDITIONS
 THE FOLLOWING WEATHER WAS RECORDED TODAY.
  LIGHT SNOW
  FOG
  HAZE


RELATIVE HUMIDITY (PERCENT)
 HIGHEST    85           100 AM
 LOWEST     59          1000 AM
 AVERAGE    72

..........................................................


THE DULUTH MN CLIMATE NORMALS FOR TOMORROW
                         NORMAL    RECORD    YEAR
 MAXIMUM TEMPERATURE (F)   53        80      1990
                                             1980
 MINIMUM TEMPERATURE (F)   33        17      1909


SUNRISE AND SUNSET
APRIL 21 2015.........SUNRISE   611 AM CDT   SUNSET   805 PM CDT
APRIL 22 2015.........SUNRISE   609 AM CDT   SUNSET   806 PM CDT


-  INDICATES NEGATIVE NUMBERS.
R  INDICATES RECORD WAS SET OR TIED.
MM INDICATES DATA IS MISSING.
T  INDICATES TRACE AMOUNT.




$$
