000
CDUS43 KDLH 290618
CLIDLH


CLIMATE REPORT
NATIONAL WEATHER SERVICE DULUTH MN
118 AM CDT WED APR 29 2015


...................................

...THE DULUTH MN CLIMATE SUMMARY FOR APRIL 28 2015...

CLIMATE NORMAL PERIOD 1981 TO 2010
CLIMATE RECORD PERIOD 1870 TO 2015


WEATHER ITEM   OBSERVED TIME   RECORD YEAR NORMAL DEPARTURE LAST
                VALUE   (LST)  VALUE       VALUE  FROM      YEAR
                                                  NORMAL
..................................................................
TEMPERATURE (F)
 YESTERDAY
  MAXIMUM         66    142 PM  87    1952  56     10       43
  MINIMUM         36    520 AM  14    1958  35      1       34
  AVERAGE         51                        45      6       39

PRECIPITATION (IN)
  YESTERDAY        0.00          1.01 1914   0.10  -0.10     0.07
  MONTH TO DATE    1.03                      2.23  -1.20     2.55
  SINCE MAR 1      1.82                      3.72  -1.90     4.46
  SINCE JAN 1      2.66                      5.49  -2.83     7.31

SNOWFALL (IN)
  YESTERDAY        0.0           5.0  1994   0.1   -0.1       T
  MONTH TO DATE    1.2                       6.7   -5.5     25.5
  SINCE MAR 1      9.3                      19.9  -10.6     46.4
  SINCE JUL 1     49.2                      85.5  -36.3    130.2
  SNOW DEPTH       0

DEGREE DAYS
 HEATING
  YESTERDAY       14                        20     -6       26
  MONTH TO DATE  640                       724    -84      833
  SINCE MAR 1   1699                      1934   -235     2272
  SINCE JUL 1   8538                      8801   -263     9713

 COOLING
  YESTERDAY        0                         0      0        0
  MONTH TO DATE    0                         0      0        0
  SINCE MAR 1      0                         0      0        0
  SINCE JAN 1      0                         0      0        0
..................................................................


WIND (MPH)
  HIGHEST WIND SPEED    17   HIGHEST WIND DIRECTION     N (360)
  HIGHEST GUST SPEED    23   HIGHEST GUST DIRECTION     N (350)
  AVERAGE WIND SPEED     7.2


SKY COVER
  AVERAGE SKY COVER 0.4


WEATHER CONDITIONS
 THE FOLLOWING WEATHER WAS RECORDED YESTERDAY.
  NO SIGNIFICANT WEATHER WAS OBSERVED.


RELATIVE HUMIDITY (PERCENT)
 HIGHEST    64           300 AM
 LOWEST     24           500 PM
 AVERAGE    44

..........................................................


THE DULUTH MN CLIMATE NORMALS FOR TODAY
                         NORMAL    RECORD    YEAR
 MAXIMUM TEMPERATURE (F)   56        83      1965
 MINIMUM TEMPERATURE (F)   36        13      1958


SUNRISE AND SUNSET
APRIL 29 2015.........SUNRISE   557 AM CDT   SUNSET   816 PM CDT
APRIL 30 2015.........SUNRISE   556 AM CDT   SUNSET   817 PM CDT


-  INDICATES NEGATIVE NUMBERS.
R  INDICATES RECORD WAS SET OR TIED.
MM INDICATES DATA IS MISSING.
T  INDICATES TRACE AMOUNT.




$$
