000
CDUS43 KDLH 282223
CLIDLH


CLIMATE REPORT
NATIONAL WEATHER SERVICE DULUTH MN
521 PM CDT SAT MAR 28 2015


...................................

...THE DULUTH MN CLIMATE SUMMARY FOR MARCH 28 2015...
VALID TODAY AS OF 0500 PM LOCAL TIME.

CLIMATE NORMAL PERIOD 1981 TO 2010
CLIMATE RECORD PERIOD 1870 TO 2015


WEATHER ITEM   OBSERVED TIME   RECORD YEAR NORMAL DEPARTURE LAST
                VALUE   (LST)  VALUE       VALUE  FROM      YEAR
                                                  NORMAL
..................................................................
TEMPERATURE (F)
 TODAY
  MAXIMUM         44    332 PM  81    1946  40      4       32
  MINIMUM         13    605 AM -14    1923  22     -9       15
  AVERAGE         29                        31     -2       24

PRECIPITATION (IN)
  TODAY            0.00          0.63 1965   0.06  -0.06     0.00
  MONTH TO DATE    0.66                      1.33  -0.67     1.52
  SINCE MAR 1      0.66                      1.33  -0.67     1.52
  SINCE JAN 1      1.50                      3.10  -1.60     4.37

SNOWFALL (IN)
  TODAY            0.0           8.0  1956   0.3   -0.3      0.0
  MONTH TO DATE    7.3                      12.3   -5.0     20.9
  SINCE JUL 1     47.2                      77.9  -30.7    104.7
  SNOW DEPTH       0

DEGREE DAYS
 HEATING
  TODAY           36                        34      2       41
  MONTH TO DATE  986                      1112   -126     1344
  SINCE MAR 1    986                      1112   -126     1344
  SINCE JUL 1   7825                      7979   -154     8785

 COOLING
  TODAY            0                         0      0        0
  MONTH TO DATE    0                         0      0        0
  SINCE MAR 1      0                         0      0        0
  SINCE JAN 1      0                         0      0        0
..................................................................


WIND (MPH)
  HIGHEST WIND SPEED    22   HIGHEST WIND DIRECTION     S (200)
  HIGHEST GUST SPEED    28   HIGHEST GUST DIRECTION     S (190)
  AVERAGE WIND SPEED     8.6


SKY COVER
  POSSIBLE SUNSHINE  MM
  AVERAGE SKY COVER 0.0


WEATHER CONDITIONS
 THE FOLLOWING WEATHER WAS RECORDED TODAY.
  NO SIGNIFICANT WEATHER WAS OBSERVED.


RELATIVE HUMIDITY (PERCENT)
 HIGHEST    80           200 AM
 LOWEST     22           400 PM
 AVERAGE    51

..........................................................


THE DULUTH MN CLIMATE NORMALS FOR TOMORROW
                         NORMAL    RECORD    YEAR
 MAXIMUM TEMPERATURE (F)   40        63      1963
 MINIMUM TEMPERATURE (F)   23        -9      1969


SUNRISE AND SUNSET
MARCH 28 2015.........SUNRISE   656 AM CDT   SUNSET   732 PM CDT
MARCH 29 2015.........SUNRISE   654 AM CDT   SUNSET   734 PM CDT


-  INDICATES NEGATIVE NUMBERS.
R  INDICATES RECORD WAS SET OR TIED.
MM INDICATES DATA IS MISSING.
T  INDICATES TRACE AMOUNT.




$$
