000
CDUS43 KDLH 172223
CLIDLH


CLIMATE REPORT
NATIONAL WEATHER SERVICE DULUTH MN
522 PM CDT FRI APR 17 2015


...................................

...THE DULUTH MN CLIMATE SUMMARY FOR APRIL 17 2015...
VALID TODAY AS OF 0500 PM LOCAL TIME.

CLIMATE NORMAL PERIOD 1981 TO 2010
CLIMATE RECORD PERIOD 1870 TO 2015


WEATHER ITEM   OBSERVED TIME   RECORD YEAR NORMAL DEPARTURE LAST
                VALUE   (LST)  VALUE       VALUE  FROM      YEAR
                                                  NORMAL
..................................................................
TEMPERATURE (F)
 TODAY
  MAXIMUM         73    355 PM  82    1987  50     23       36
  MINIMUM         40    521 AM   8    1983  31      9       21
  AVERAGE         57                        40     17       29

PRECIPITATION (IN)
  TODAY            0.00          0.65 1894   0.08  -0.08     0.07
  MONTH TO DATE    0.45                      1.24  -0.79     1.44
  SINCE MAR 1      1.24                      2.73  -1.49     3.35
  SINCE JAN 1      2.08                      4.50  -2.42     6.20

SNOWFALL (IN)
  TODAY            0.0           5.4  1949   0.3   -0.3      0.8
  MONTH TO DATE    0.1                       5.0   -4.9     20.6
  SINCE JUL 1     48.1                      83.8  -35.7    125.3
  SNOW DEPTH       0

DEGREE DAYS
 HEATING
  TODAY            8                        25    -17       36
  MONTH TO DATE  370                       484   -114      544
  SINCE MAR 1   1429                      1694   -265     1983
  SINCE JUL 1   8268                      8561   -293     9424

 COOLING
  TODAY            0                         0      0        0
  MONTH TO DATE    0                         0      0        0
  SINCE MAR 1      0                         0      0        0
  SINCE JAN 1      0                         0      0        0
..................................................................


WIND (MPH)
  HIGHEST WIND SPEED    22   HIGHEST WIND DIRECTION     W (280)
  HIGHEST GUST SPEED    29   HIGHEST GUST DIRECTION     W (280)
  AVERAGE WIND SPEED     7.4


SKY COVER
  POSSIBLE SUNSHINE  MM
  AVERAGE SKY COVER 0.0


WEATHER CONDITIONS
 THE FOLLOWING WEATHER WAS RECORDED TODAY.
  NO SIGNIFICANT WEATHER WAS OBSERVED.


RELATIVE HUMIDITY (PERCENT)
 HIGHEST    65           400 AM
 LOWEST     16           400 PM
 AVERAGE    41

..........................................................


THE DULUTH MN CLIMATE NORMALS FOR TOMORROW
                         NORMAL    RECORD    YEAR
 MAXIMUM TEMPERATURE (F)   51        81      1915
 MINIMUM TEMPERATURE (F)   31        12      1983


SUNRISE AND SUNSET
APRIL 17 2015.........SUNRISE   618 AM CDT   SUNSET   800 PM CDT
APRIL 18 2015.........SUNRISE   616 AM CDT   SUNSET   801 PM CDT


-  INDICATES NEGATIVE NUMBERS.
R  INDICATES RECORD WAS SET OR TIED.
MM INDICATES DATA IS MISSING.
T  INDICATES TRACE AMOUNT.




$$
