000
CDUS43 KDLH 230635
CLIDLH


CLIMATE REPORT
NATIONAL WEATHER SERVICE DULUTH MN
135 AM CDT THU APR 23 2015


...................................

...THE DULUTH MN CLIMATE SUMMARY FOR APRIL 22 2015...

CLIMATE NORMAL PERIOD 1981 TO 2010
CLIMATE RECORD PERIOD 1870 TO 2015


WEATHER ITEM   OBSERVED TIME   RECORD YEAR NORMAL DEPARTURE LAST
                VALUE   (LST)  VALUE       VALUE  FROM      YEAR
                                                  NORMAL
..................................................................
TEMPERATURE (F)
 YESTERDAY
  MAXIMUM         41    415 PM  80    1990  53    -12       53
                                      1980
  MINIMUM         27    645 AM  17    1909  33     -6       30
  AVERAGE         34                        43     -9       42

PRECIPITATION (IN)
  YESTERDAY        T             1.77 2001   0.08  -0.08     0.00
  MONTH TO DATE    1.03                      1.66  -0.63     1.51
  SINCE MAR 1      1.82                      3.15  -1.33     3.42
  SINCE JAN 1      2.66                      4.92  -2.26     6.27

SNOWFALL (IN)
  YESTERDAY        T             8.2  2013   0.2   -0.2      0.0
  MONTH TO DATE    1.2                       5.9   -4.7     20.6
  SINCE MAR 1      9.3                      19.1   -9.8     41.5
  SINCE JUL 1     49.2                      84.7  -35.5    125.3
  SNOW DEPTH       T

DEGREE DAYS
 HEATING
  YESTERDAY       31                        22      9       23
  MONTH TO DATE  508                       600    -92      663
  SINCE MAR 1   1567                      1810   -243     2102
  SINCE JUL 1   8406                      8677   -271     9543

 COOLING
  YESTERDAY        0                         0      0        0
  MONTH TO DATE    0                         0      0        0
  SINCE MAR 1      0                         0      0        0
  SINCE JAN 1      0                         0      0        0
..................................................................


WIND (MPH)
  HIGHEST WIND SPEED    26   HIGHEST WIND DIRECTION    NW (330)
  HIGHEST GUST SPEED    35   HIGHEST GUST DIRECTION    NW (310)
  AVERAGE WIND SPEED    14.9


SKY COVER
  AVERAGE SKY COVER 0.8


WEATHER CONDITIONS
 THE FOLLOWING WEATHER WAS RECORDED YESTERDAY.
  LIGHT SNOW


RELATIVE HUMIDITY (PERCENT)
 HIGHEST    75          1200 AM
 LOWEST     40           500 PM
 AVERAGE    58

..........................................................


THE DULUTH MN CLIMATE NORMALS FOR TODAY
                         NORMAL    RECORD    YEAR
 MAXIMUM TEMPERATURE (F)   53        80      1942
 MINIMUM TEMPERATURE (F)   33        12      1909


SUNRISE AND SUNSET
APRIL 23 2015.........SUNRISE   607 AM CDT   SUNSET   808 PM CDT
APRIL 24 2015.........SUNRISE   606 AM CDT   SUNSET   809 PM CDT


-  INDICATES NEGATIVE NUMBERS.
R  INDICATES RECORD WAS SET OR TIED.
MM INDICATES DATA IS MISSING.
T  INDICATES TRACE AMOUNT.




$$
