000
CDUS43 KDLH 302221
CLIDLH


CLIMATE REPORT
NATIONAL WEATHER SERVICE DULUTH MN
520 PM CDT MON MAR 30 2015


...................................

...THE DULUTH MN CLIMATE SUMMARY FOR MARCH 30 2015...
VALID TODAY AS OF 0500 PM LOCAL TIME.

CLIMATE NORMAL PERIOD 1981 TO 2010
CLIMATE RECORD PERIOD 1870 TO 2015


WEATHER ITEM   OBSERVED TIME   RECORD YEAR NORMAL DEPARTURE LAST
                VALUE   (LST)  VALUE       VALUE  FROM      YEAR
                                                  NORMAL
..................................................................
TEMPERATURE (F)
 TODAY
  MAXIMUM         51    135 PM  67    1918  40     11       50
  MINIMUM         33    628 AM -12    1923  23     10       28
  AVERAGE         42                        32     10       39

PRECIPITATION (IN)
  TODAY            T             1.03 1938   0.05  -0.05     0.00
  MONTH TO DATE    0.76                      1.43  -0.67     1.52
  SINCE MAR 1      0.76                      1.43  -0.67     1.52
  SINCE JAN 1      1.60                      3.20  -1.60     4.37

SNOWFALL (IN)
  TODAY            0.0           3.0  1948   0.3   -0.3      0.0
  MONTH TO DATE    8.1                      12.9   -4.8     20.9
  SINCE JUL 1     48.0                      78.5  -30.5    104.7
  SNOW DEPTH       0

DEGREE DAYS
 HEATING
  TODAY           23                        33    -10       26
  MONTH TO DATE 1036                      1179   -143     1410
  SINCE MAR 1   1036                      1179   -143     1410
  SINCE JUL 1   7875                      8046   -171     8851

 COOLING
  TODAY            0                         0      0        0
  MONTH TO DATE    0                         0      0        0
  SINCE MAR 1      0                         0      0        0
  SINCE JAN 1      0                         0      0        0
..................................................................


WIND (MPH)
  HIGHEST WIND SPEED    15   HIGHEST WIND DIRECTION     W (290)
  HIGHEST GUST SPEED    21   HIGHEST GUST DIRECTION     W (290)
  AVERAGE WIND SPEED     8.8


SKY COVER
  POSSIBLE SUNSHINE  MM
  AVERAGE SKY COVER 0.3


WEATHER CONDITIONS
 THE FOLLOWING WEATHER WAS RECORDED TODAY.
  LIGHT RAIN


RELATIVE HUMIDITY (PERCENT)
 HIGHEST    75           700 AM
 LOWEST     34          1100 AM
 AVERAGE    55

..........................................................


THE DULUTH MN CLIMATE NORMALS FOR TOMORROW
                         NORMAL    RECORD    YEAR
 MAXIMUM TEMPERATURE (F)   41        71      2010
                                             1986
 MINIMUM TEMPERATURE (F)   24        -6      1923


SUNRISE AND SUNSET
MARCH 30 2015.........SUNRISE   652 AM CDT   SUNSET   735 PM CDT
MARCH 31 2015.........SUNRISE   650 AM CDT   SUNSET   736 PM CDT


-  INDICATES NEGATIVE NUMBERS.
R  INDICATES RECORD WAS SET OR TIED.
MM INDICATES DATA IS MISSING.
T  INDICATES TRACE AMOUNT.




$$
