000
CDUS43 KDLH 020623
CLIDLH


CLIMATE REPORT
NATIONAL WEATHER SERVICE DULUTH MN
122 AM CDT SAT MAY 2 2015


...................................

...THE DULUTH MN CLIMATE SUMMARY FOR MAY 1 2015...

CLIMATE NORMAL PERIOD 1981 TO 2010
CLIMATE RECORD PERIOD 1870 TO 2015


WEATHER ITEM   OBSERVED TIME   RECORD YEAR NORMAL DEPARTURE LAST
                VALUE   (LST)  VALUE       VALUE  FROM      YEAR
                                                  NORMAL
..................................................................
TEMPERATURE (F)
 YESTERDAY
  MAXIMUM         68    229 PM  86    1959  57     11       45
  MINIMUM         35    131 AM  19    1966  36     -1       36
                                      1909
  AVERAGE         52                        47      5       41

PRECIPITATION (IN)
  YESTERDAY        0.00          1.76 1955   0.10  -0.10     0.09
  MONTH TO DATE    0.00                      0.10  -0.10     0.09
  SINCE MAR 1      1.82                      4.02  -2.20     5.30
  SINCE JAN 1      2.66                      5.79  -3.13     8.15

SNOWFALL (IN)
  YESTERDAY        0.0           1.6  1970   0.0    0.0      0.0
  MONTH TO DATE    0.0                       0.0    0.0      0.0
  SINCE MAR 1      9.3                      20.1  -10.8     47.2
  SINCE JUL 1     49.2                      85.7  -36.5    131.0
  SNOW DEPTH       0

DEGREE DAYS
 HEATING
  YESTERDAY       13                        18     -5       24
  MONTH TO DATE   13                        18     -5       24
  SINCE MAR 1   1747                      1990   -243     2349
  SINCE JUL 1   8586                      8857   -271     9790

 COOLING
  YESTERDAY        0                         0      0        0
  MONTH TO DATE    0                         0      0        0
  SINCE MAR 1      0                         0      0        0
  SINCE JAN 1      0                         0      0        0
..................................................................


WIND (MPH)
  HIGHEST WIND SPEED    18   HIGHEST WIND DIRECTION     S (190)
  HIGHEST GUST SPEED    22   HIGHEST GUST DIRECTION     S (200)
  AVERAGE WIND SPEED     7.1


SKY COVER
  AVERAGE SKY COVER 0.4


WEATHER CONDITIONS
 THE FOLLOWING WEATHER WAS RECORDED YESTERDAY.
  NO SIGNIFICANT WEATHER WAS OBSERVED.


RELATIVE HUMIDITY (PERCENT)
 HIGHEST    82           500 AM
 LOWEST     42           200 PM
 AVERAGE    62

..........................................................


THE DULUTH MN CLIMATE NORMALS FOR TODAY
                         NORMAL    RECORD    YEAR
 MAXIMUM TEMPERATURE (F)   58        86      1880
 MINIMUM TEMPERATURE (F)   37        21      2002
                                             1967


SUNRISE AND SUNSET
MAY  2 2015...........SUNRISE   552 AM CDT   SUNSET   819 PM CDT
MAY  3 2015...........SUNRISE   551 AM CDT   SUNSET   821 PM CDT


-  INDICATES NEGATIVE NUMBERS.
R  INDICATES RECORD WAS SET OR TIED.
MM INDICATES DATA IS MISSING.
T  INDICATES TRACE AMOUNT.




$$
