000
CDUS43 KDLH 112229
CLIDLH


CLIMATE REPORT
NATIONAL WEATHER SERVICE DULUTH MN
529 PM CDT SAT APR 11 2015


...................................

...THE DULUTH MN CLIMATE SUMMARY FOR APRIL 11 2015...
VALID TODAY AS OF 0500 PM LOCAL TIME.

CLIMATE NORMAL PERIOD 1981 TO 2010
CLIMATE RECORD PERIOD 1870 TO 2015


WEATHER ITEM   OBSERVED TIME   RECORD YEAR NORMAL DEPARTURE LAST
                VALUE   (LST)  VALUE       VALUE  FROM      YEAR
                                                  NORMAL
..................................................................
TEMPERATURE (F)
 TODAY
  MAXIMUM         67    354 PM  78    1968  47     20       53
  MINIMUM         29    304 AM   6    1940  28      1       32
  AVERAGE         48                        38     10       43

PRECIPITATION (IN)
  TODAY            0.00          0.94 2001   0.07  -0.07     0.00
  MONTH TO DATE    0.07                      0.74  -0.67     0.80
  SINCE MAR 1      0.86                      2.23  -1.37     2.71
  SINCE JAN 1      1.70                      4.00  -2.30     5.56

SNOWFALL (IN)
  TODAY            0.0           7.0  2013   0.3   -0.3      0.0
  MONTH TO DATE    0.1                       3.4   -3.3     12.9
  SINCE JUL 1     48.1                      82.2  -34.1    117.6
  SNOW DEPTH       0

DEGREE DAYS
 HEATING
  TODAY           17                        28    -11       22
  MONTH TO DATE  310                       328    -18      326
  SINCE MAR 1   1369                      1538   -169     1765
  SINCE JUL 1   8208                      8405   -197     9206

 COOLING
  TODAY            0                         0      0        0
  MONTH TO DATE    0                         0      0        0
  SINCE MAR 1      0                         0      0        0
  SINCE JAN 1      0                         0      0        0
..................................................................


WIND (MPH)
  HIGHEST WIND SPEED    21   HIGHEST WIND DIRECTION     S (200)
  HIGHEST GUST SPEED    27   HIGHEST GUST DIRECTION     S (190)
  AVERAGE WIND SPEED    10.0


SKY COVER
  POSSIBLE SUNSHINE  MM
  AVERAGE SKY COVER 0.0


WEATHER CONDITIONS
 THE FOLLOWING WEATHER WAS RECORDED TODAY.
  NO SIGNIFICANT WEATHER WAS OBSERVED.


RELATIVE HUMIDITY (PERCENT)
 HIGHEST    69           400 AM
 LOWEST     22           200 PM
 AVERAGE    46

..........................................................


THE DULUTH MN CLIMATE NORMALS FOR TOMORROW
                         NORMAL    RECORD    YEAR
 MAXIMUM TEMPERATURE (F)   47        73      1908
 MINIMUM TEMPERATURE (F)   29         6      1950


SUNRISE AND SUNSET
APRIL 11 2015.........SUNRISE   629 AM CDT   SUNSET   751 PM CDT
APRIL 12 2015.........SUNRISE   627 AM CDT   SUNSET   753 PM CDT


-  INDICATES NEGATIVE NUMBERS.
R  INDICATES RECORD WAS SET OR TIED.
MM INDICATES DATA IS MISSING.
T  INDICATES TRACE AMOUNT.




$$
