000
CDUS43 KDLH 280620
CLIDLH


CLIMATE REPORT
NATIONAL WEATHER SERVICE DULUTH MN
119 AM CDT TUE APR 28 2015


...................................

...THE DULUTH MN CLIMATE SUMMARY FOR APRIL 27 2015...

CLIMATE NORMAL PERIOD 1981 TO 2010
CLIMATE RECORD PERIOD 1870 TO 2015


WEATHER ITEM   OBSERVED TIME   RECORD YEAR NORMAL DEPARTURE LAST
                VALUE   (LST)  VALUE       VALUE  FROM      YEAR
                                                  NORMAL
..................................................................
TEMPERATURE (F)
 YESTERDAY
  MAXIMUM         69    525 PM  88    1952  55     14       35
  MINIMUM         27    347 AM  18    1909  35     -8       31
  AVERAGE         48                        45      3       33

PRECIPITATION (IN)
  YESTERDAY        0.00          1.27 1962   0.10  -0.10     0.08
  MONTH TO DATE    1.03                      2.13  -1.10     2.48
  SINCE MAR 1      1.82                      3.62  -1.80     4.39
  SINCE JAN 1      2.66                      5.39  -2.73     7.24

SNOWFALL (IN)
  YESTERDAY        0.0           8.7  1969   0.1   -0.1       T
  MONTH TO DATE    1.2                       6.6   -5.4     25.5
  SINCE MAR 1      9.3                      19.8  -10.5     46.4
  SINCE JUL 1     49.2                      85.4  -36.2    130.2
  SNOW DEPTH       0

DEGREE DAYS
 HEATING
  YESTERDAY       17                        20     -3       32
  MONTH TO DATE  626                       704    -78      807
  SINCE MAR 1   1685                      1914   -229     2246
  SINCE JUL 1   8524                      8781   -257     9687

 COOLING
  YESTERDAY        0                         0      0        0
  MONTH TO DATE    0                         0      0        0
  SINCE MAR 1      0                         0      0        0
  SINCE JAN 1      0                         0      0        0
..................................................................


WIND (MPH)
  HIGHEST WIND SPEED    12   HIGHEST WIND DIRECTION     N (360)
  HIGHEST GUST SPEED    15   HIGHEST GUST DIRECTION     N (10)
  AVERAGE WIND SPEED     5.2


SKY COVER
  AVERAGE SKY COVER 0.0


WEATHER CONDITIONS
 THE FOLLOWING WEATHER WAS RECORDED YESTERDAY.
  NO SIGNIFICANT WEATHER WAS OBSERVED.


RELATIVE HUMIDITY (PERCENT)
 HIGHEST    78           400 AM
 LOWEST     18           600 PM
 AVERAGE    48

..........................................................


THE DULUTH MN CLIMATE NORMALS FOR TODAY
                         NORMAL    RECORD    YEAR
 MAXIMUM TEMPERATURE (F)   56        87      1952
 MINIMUM TEMPERATURE (F)   35        14      1958


SUNRISE AND SUNSET
APRIL 28 2015.........SUNRISE   559 AM CDT   SUNSET   815 PM CDT
APRIL 29 2015.........SUNRISE   557 AM CDT   SUNSET   816 PM CDT


-  INDICATES NEGATIVE NUMBERS.
R  INDICATES RECORD WAS SET OR TIED.
MM INDICATES DATA IS MISSING.
T  INDICATES TRACE AMOUNT.




$$
