000
CDUS43 KDLH 110622
CLIDLH


CLIMATE REPORT
NATIONAL WEATHER SERVICE DULUTH MN
121 AM CDT SAT APR 11 2015


...................................

...THE DULUTH MN CLIMATE SUMMARY FOR APRIL 10 2015...

CLIMATE NORMAL PERIOD 1981 TO 2010
CLIMATE RECORD PERIOD 1870 TO 2015


WEATHER ITEM   OBSERVED TIME   RECORD YEAR NORMAL DEPARTURE LAST
                VALUE   (LST)  VALUE       VALUE  FROM      YEAR
                                                  NORMAL
..................................................................
TEMPERATURE (F)
 YESTERDAY
  MAXIMUM         54    457 PM  84    1977  46      8       50
  MINIMUM         28    353 AM  10    1962  28      0       37
  AVERAGE         41                        37      4       44

PRECIPITATION (IN)
  YESTERDAY        0.00          1.32 2002   0.08  -0.08     0.00
  MONTH TO DATE    0.07                      0.67  -0.60     0.80
  SINCE MAR 1      0.86                      2.16  -1.30     2.71
  SINCE JAN 1      1.70                      3.93  -2.23     5.56

SNOWFALL (IN)
  YESTERDAY        0.0           4.0  1957   0.3   -0.3      0.0
  MONTH TO DATE    0.1                       3.1   -3.0     12.9
  SINCE MAR 1      8.2                      16.3   -8.1     33.8
  SINCE JUL 1     48.1                      81.9  -33.8    117.6
  SNOW DEPTH       0

DEGREE DAYS
 HEATING
  YESTERDAY       24                        28     -4       21
  MONTH TO DATE  293                       300     -7      304
  SINCE MAR 1   1352                      1510   -158     1743
  SINCE JUL 1   8191                      8377   -186     9184

 COOLING
  YESTERDAY        0                         0      0        0
  MONTH TO DATE    0                         0      0        0
  SINCE MAR 1      0                         0      0        0
  SINCE JAN 1      0                         0      0        0
..................................................................


WIND (MPH)
  HIGHEST WIND SPEED    23   HIGHEST WIND DIRECTION    NW (300)
  HIGHEST GUST SPEED    34   HIGHEST GUST DIRECTION     N (350)
  AVERAGE WIND SPEED    10.0


SKY COVER
  AVERAGE SKY COVER 0.3


WEATHER CONDITIONS
 THE FOLLOWING WEATHER WAS RECORDED YESTERDAY.
  FOG
  FOG W/VISIBILITY <= 1/4 MILE


RELATIVE HUMIDITY (PERCENT)
 HIGHEST    92          1200 AM
 LOWEST     26           500 PM
 AVERAGE    59

..........................................................


THE DULUTH MN CLIMATE NORMALS FOR TODAY
                         NORMAL    RECORD    YEAR
 MAXIMUM TEMPERATURE (F)   47        78      1968
 MINIMUM TEMPERATURE (F)   28         6      1940


SUNRISE AND SUNSET
APRIL 11 2015.........SUNRISE   629 AM CDT   SUNSET   751 PM CDT
APRIL 12 2015.........SUNRISE   627 AM CDT   SUNSET   752 PM CDT


-  INDICATES NEGATIVE NUMBERS.
R  INDICATES RECORD WAS SET OR TIED.
MM INDICATES DATA IS MISSING.
T  INDICATES TRACE AMOUNT.




$$
