000
CDUS43 KDLH 070346
CLIDLH


CLIMATE REPORT
NATIONAL WEATHER SERVICE DULUTH MN
1046 PM CDT MON APR 6 2015


...................................

...THE DULUTH MN CLIMATE SUMMARY FOR APRIL 6 2015...
VALID TODAY AS OF 0500 PM LOCAL TIME.

CLIMATE NORMAL PERIOD 1981 TO 2010
CLIMATE RECORD PERIOD 1870 TO 2015


WEATHER ITEM   OBSERVED TIME   RECORD YEAR NORMAL DEPARTURE LAST
                VALUE   (LST)  VALUE       VALUE  FROM      YEAR
                                                  NORMAL
..................................................................
TEMPERATURE (F)
 TODAY
  MAXIMUM         37    207 PM  75    1900  44     -7       52
  MINIMUM         28    613 AM   2    1982  26      2       32
                                      1979
  AVERAGE         33                        35     -2       42

PRECIPITATION (IN)
  TODAY            0.00          1.56 1882   0.07  -0.07     0.00
  MONTH TO DATE    T                         0.38  -0.38     0.76
  SINCE MAR 1      0.79                      1.87  -1.08     2.67
  SINCE JAN 1      1.63                      3.64  -2.01     5.52

SNOWFALL (IN)
  TODAY            0.0           5.5  1956   0.3   -0.3      0.0
  MONTH TO DATE    0.1                       1.9   -1.8     12.9
  SINCE JUL 1     48.1                      80.7  -32.6    117.6
  SNOW DEPTH       0

DEGREE DAYS
 HEATING
  TODAY           32                        30      2       23
  MONTH TO DATE  178                       186     -8      211
  SINCE MAR 1   1237                      1396   -159     1650
  SINCE JUL 1   8076                      8263   -187     9091

 COOLING
  TODAY            0                         0      0        0
  MONTH TO DATE    0                         0      0        0
  SINCE MAR 1      0                         0      0        0
  SINCE JAN 1      0                         0      0        0
..................................................................


WIND (MPH)
  HIGHEST WIND SPEED    16   HIGHEST WIND DIRECTION     E (100)
  HIGHEST GUST SPEED    21   HIGHEST GUST DIRECTION     E (90)
  AVERAGE WIND SPEED    10.2


SKY COVER
  POSSIBLE SUNSHINE  MM
  AVERAGE SKY COVER 0.9


WEATHER CONDITIONS
 THE FOLLOWING WEATHER WAS RECORDED TODAY.
  NO SIGNIFICANT WEATHER WAS OBSERVED.


RELATIVE HUMIDITY (PERCENT)
 HIGHEST    63          1200 AM
 LOWEST     32           300 PM
 AVERAGE    48

..........................................................


THE DULUTH MN CLIMATE NORMALS FOR TOMORROW
                         NORMAL    RECORD    YEAR
 MAXIMUM TEMPERATURE (F)   45        73      1931
 MINIMUM TEMPERATURE (F)   26         2      1936


SUNRISE AND SUNSET
APRIL  6 2015.........SUNRISE   639 AM CDT   SUNSET   745 PM CDT
APRIL  7 2015.........SUNRISE   637 AM CDT   SUNSET   746 PM CDT


-  INDICATES NEGATIVE NUMBERS.
R  INDICATES RECORD WAS SET OR TIED.
MM INDICATES DATA IS MISSING.
T  INDICATES TRACE AMOUNT.




$$
