000
CDUS43 KDLH 130630
CLIDLH


CLIMATE REPORT
NATIONAL WEATHER SERVICE DULUTH MN
127 AM CDT MON APR 13 2015


...................................

...THE DULUTH MN CLIMATE SUMMARY FOR APRIL 12 2015...

CLIMATE NORMAL PERIOD 1981 TO 2010
CLIMATE RECORD PERIOD 1870 TO 2015


WEATHER ITEM   OBSERVED TIME   RECORD YEAR NORMAL DEPARTURE LAST
                VALUE   (LST)  VALUE       VALUE  FROM      YEAR
                                                  NORMAL
..................................................................
TEMPERATURE (F)
 YESTERDAY
  MAXIMUM         76R   338 PM  73    1908  47     29       41
  MINIMUM         51   1159 PM   6    1950  29     22       32
  AVERAGE         64                        38     26       37

PRECIPITATION (IN)
  YESTERDAY        0.38          1.65 1893   0.08   0.30     0.04
  MONTH TO DATE    0.45                      0.82  -0.37     0.84
  SINCE MAR 1      1.24                      2.31  -1.07     2.75
  SINCE JAN 1      2.08                      4.08  -2.00     5.60

SNOWFALL (IN)
  YESTERDAY        0.0           6.0  2013   0.3   -0.3      0.5
                                      1924
  MONTH TO DATE    0.1                       3.7   -3.6     13.4
  SINCE MAR 1      8.2                      16.9   -8.7     34.3
  SINCE JUL 1     48.1                      82.5  -34.4    118.1
  SNOW DEPTH       0

DEGREE DAYS
 HEATING
  YESTERDAY        1                        27    -26       28
  MONTH TO DATE  311                       355    -44      354
  SINCE MAR 1   1370                      1565   -195     1793
  SINCE JUL 1   8209                      8432   -223     9234

 COOLING
  YESTERDAY        0                         0      0        0
  MONTH TO DATE    0                         0      0        0
  SINCE MAR 1      0                         0      0        0
  SINCE JAN 1      0                         0      0        0
..................................................................


WIND (MPH)
  HIGHEST WIND SPEED    35   HIGHEST WIND DIRECTION     S (190)
  HIGHEST GUST SPEED    47   HIGHEST GUST DIRECTION     S (180)
  AVERAGE WIND SPEED    18.8


SKY COVER
  AVERAGE SKY COVER 0.3


WEATHER CONDITIONS
 THE FOLLOWING WEATHER WAS RECORDED YESTERDAY.
  THUNDERSTORM
  LIGHT RAIN
  FOG
  HAZE


RELATIVE HUMIDITY (PERCENT)
 HIGHEST    80           700 PM
 LOWEST     33           300 PM
 AVERAGE    57

..........................................................


THE DULUTH MN CLIMATE NORMALS FOR TODAY
                         NORMAL    RECORD    YEAR
 MAXIMUM TEMPERATURE (F)   48        74      1941
 MINIMUM TEMPERATURE (F)   29         9      1950


SUNRISE AND SUNSET
APRIL 13 2015.........SUNRISE   625 AM CDT   SUNSET   754 PM CDT
APRIL 14 2015.........SUNRISE   623 AM CDT   SUNSET   755 PM CDT


-  INDICATES NEGATIVE NUMBERS.
R  INDICATES RECORD WAS SET OR TIED.
MM INDICATES DATA IS MISSING.
T  INDICATES TRACE AMOUNT.




$$
