000
CDUS43 KDLH 212230
CLIINL


CLIMATE REPORT
NATIONAL WEATHER SERVICE DULUTH MN
529 PM CDT TUE APR 21 2015


...................................

...THE INTERNATIONAL FALLS MN CLIMATE SUMMARY FOR APRIL 21 2015...
VALID TODAY AS OF 0500 PM LOCAL TIME.

CLIMATE NORMAL PERIOD 1981 TO 2010
CLIMATE RECORD PERIOD 1895 TO 2015


WEATHER ITEM   OBSERVED TIME   RECORD YEAR NORMAL DEPARTURE LAST
                VALUE   (LST)  VALUE       VALUE  FROM      YEAR
                                                  NORMAL
..................................................................
TEMPERATURE (F)
 TODAY
  MAXIMUM         31    212 AM  90    1980  55    -24       49
  MINIMUM         26    957 AM  11    1966  30     -4       33
  AVERAGE         29                        42    -13       41

PRECIPITATION (IN)
  TODAY            0.09                      0.05   0.04      T
  MONTH TO DATE    0.69                      0.97  -0.28     0.59
  SINCE MAR 1      1.33                      1.92  -0.59     2.05
  SINCE JAN 1      3.35                      3.11   0.24     3.80

SNOWFALL (IN)
  TODAY            2.0                       0.1    1.9      0.0
  MONTH TO DATE    4.4                       5.2   -0.8      3.8
  SINCE JUL 1     64.6                      69.6   -5.0     97.8
  SNOW DEPTH       2

DEGREE DAYS
 HEATING
  TODAY           36                        23     13       24
  MONTH TO DATE  541                       585    -44      675
  SINCE MAR 1   1710                      1868   -158     2281
  SINCE JUL 1   9464                      9451     13    10712

 COOLING
  TODAY            0                         0      0        0
  MONTH TO DATE    0                         0      0        0
  SINCE MAR 1      0                         0      0        0
  SINCE JAN 1      0                         0      0        0
..................................................................


WIND (MPH)
  HIGHEST WIND SPEED    24   HIGHEST WIND DIRECTION     N (350)
  HIGHEST GUST SPEED    31   HIGHEST GUST DIRECTION     N (350)


SKY COVER
  AVERAGE SKY COVER 1.0


WEATHER CONDITIONS
 THE FOLLOWING WEATHER WAS RECORDED TODAY.
  SNOW
  LIGHT SNOW
  FOG
  HAZE


RELATIVE HUMIDITY (PERCENT)
 HIGHEST    92          1200 AM
 LOWEST     69          1100 AM
 AVERAGE    81

..........................................................


THE INTERNATIONAL FALLS MN CLIMATE NORMALS FOR TOMORROW
                         NORMAL    RECORD    YEAR
 MAXIMUM TEMPERATURE (F)   55        81      1990
 MINIMUM TEMPERATURE (F)   30        17      2004
                                             1910


SUNRISE AND SUNSET
APRIL 21 2015.........SUNRISE   612 AM CDT   SUNSET   813 PM CDT
APRIL 22 2015.........SUNRISE   610 AM CDT   SUNSET   815 PM CDT


-  INDICATES NEGATIVE NUMBERS.
R  INDICATES RECORD WAS SET OR TIED.
MM INDICATES DATA IS MISSING.
T  INDICATES TRACE AMOUNT.




$$
