000
CDUS43 KDLH 200621
CLIINL


CLIMATE REPORT
NATIONAL WEATHER SERVICE DULUTH MN
120 AM CDT MON APR 20 2015


...................................

...THE INTERNATIONAL FALLS MN CLIMATE SUMMARY FOR APRIL 19 2015...

CLIMATE NORMAL PERIOD 1981 TO 2010
CLIMATE RECORD PERIOD 1895 TO 2015


WEATHER ITEM   OBSERVED TIME   RECORD YEAR NORMAL DEPARTURE LAST
                VALUE   (LST)  VALUE       VALUE  FROM      YEAR
                                                  NORMAL
..................................................................
TEMPERATURE (F)
 YESTERDAY
  MAXIMUM         45    447 PM  83    1987  54     -9       62
  MINIMUM         33   1159 PM  15    1947  29      4       32
  AVERAGE         39                        41     -2       47

PRECIPITATION (IN)
  YESTERDAY        0.28          1.40 1957   0.05   0.23     0.23
  MONTH TO DATE    0.54                      0.87  -0.33     0.59
  SINCE MAR 1      1.18                      1.82  -0.64     2.05
  SINCE JAN 1      3.20                      3.01   0.19     3.80

SNOWFALL (IN)
  YESTERDAY        0.0           5.0  1966   0.2   -0.2      1.2
  MONTH TO DATE    2.0                       4.9   -2.9      3.8
  SINCE MAR 1      5.5                      12.5   -7.0     21.4
  SINCE JUL 1     62.2                      69.3   -7.1     97.8
  SNOW DEPTH       0

DEGREE DAYS
 HEATING
  YESTERDAY       26                        24      2       18
  MONTH TO DATE  472                       539    -67      630
  SINCE MAR 1   1641                      1822   -181     2236
  SINCE JUL 1   9395                      9405    -10    10667

 COOLING
  YESTERDAY        0                         0      0        0
  MONTH TO DATE    0                         0      0        0
  SINCE MAR 1      0                         0      0        0
  SINCE JAN 1      0                         0      0        0
..................................................................


WIND (MPH)
  HIGHEST WIND SPEED    18   HIGHEST WIND DIRECTION    NW (300)
  HIGHEST GUST SPEED    25   HIGHEST GUST DIRECTION     W (260)
  AVERAGE WIND SPEED     6.4


SKY COVER
  AVERAGE SKY COVER 0.9


WEATHER CONDITIONS
 THE FOLLOWING WEATHER WAS RECORDED YESTERDAY.
  RAIN
  LIGHT RAIN
  FOG


RELATIVE HUMIDITY (PERCENT)
 HIGHEST    96          1100 PM
 LOWEST     40           100 AM
 AVERAGE    68

..........................................................


THE INTERNATIONAL FALLS MN CLIMATE NORMALS FOR TODAY
                         NORMAL    RECORD    YEAR
 MAXIMUM TEMPERATURE (F)   54        85      1923
 MINIMUM TEMPERATURE (F)   29         4      2013


SUNRISE AND SUNSET
APRIL 20 2015.........SUNRISE   614 AM CDT   SUNSET   812 PM CDT
APRIL 21 2015.........SUNRISE   612 AM CDT   SUNSET   813 PM CDT


-  INDICATES NEGATIVE NUMBERS.
R  INDICATES RECORD WAS SET OR TIED.
MM INDICATES DATA IS MISSING.
T  INDICATES TRACE AMOUNT.




$$
