000
CDUS43 KDLH 280629
CLIINL


CLIMATE REPORT
NATIONAL WEATHER SERVICE DULUTH MN
128 AM CDT SAT MAR 28 2015


...................................

...THE INTERNATIONAL FALLS MN CLIMATE SUMMARY FOR MARCH 27 2015...

CLIMATE NORMAL PERIOD 1981 TO 2010
CLIMATE RECORD PERIOD 1895 TO 2015


WEATHER ITEM   OBSERVED TIME   RECORD YEAR NORMAL DEPARTURE LAST
                VALUE   (LST)  VALUE       VALUE  FROM      YEAR
                                                  NORMAL
..................................................................
TEMPERATURE (F)
 YESTERDAY
  MAXIMUM         36    409 PM  60    1993  40     -4       30
  MINIMUM          3    606 AM -15    1955  18    -15        2
  AVERAGE         20                        29     -9       16

PRECIPITATION (IN)
  YESTERDAY        0.00          0.50 1975   0.04  -0.04     0.02
  MONTH TO DATE    0.32                      0.80  -0.48     1.25
  SINCE MAR 1      0.32                      0.80  -0.48     1.25
  SINCE JAN 1      2.34                      1.99   0.35     3.00

SNOWFALL (IN)
  YESTERDAY        0.0           6.6  1975   0.2   -0.2      0.4
  MONTH TO DATE    3.2                       6.7   -3.5     15.5
  SINCE MAR 1      3.2                       6.7   -3.5     15.5
  SINCE JUL 1     59.9                      63.5   -3.6     91.9
  SNOW DEPTH       T

DEGREE DAYS
 HEATING
  YESTERDAY       45                        36      9       49
  MONTH TO DATE 1054                      1142    -88     1446
  SINCE MAR 1   1054                      1142    -88     1446
  SINCE JUL 1   8808                      8725     83     9877

 COOLING
  YESTERDAY        0                         0      0        0
  MONTH TO DATE    0                         0      0        0
  SINCE MAR 1      0                         0      0        0
  SINCE JAN 1      0                         0      0        0
..................................................................


WIND (MPH)
  HIGHEST WIND SPEED     9   HIGHEST WIND DIRECTION     E (100)
  HIGHEST GUST SPEED    14   HIGHEST GUST DIRECTION    SW (230)
  AVERAGE WIND SPEED     2.9


SKY COVER
  AVERAGE SKY COVER 0.1


WEATHER CONDITIONS
 THE FOLLOWING WEATHER WAS RECORDED YESTERDAY.
  NO SIGNIFICANT WEATHER WAS OBSERVED.


RELATIVE HUMIDITY (PERCENT)
 HIGHEST    88           200 AM
 LOWEST     26           400 PM
 AVERAGE    57

..........................................................


THE INTERNATIONAL FALLS MN CLIMATE NORMALS FOR TODAY
                         NORMAL    RECORD    YEAR
 MAXIMUM TEMPERATURE (F)   41        61      1998
 MINIMUM TEMPERATURE (F)   19       -11      1970


SUNRISE AND SUNSET
MARCH 28 2015.........SUNRISE   700 AM CDT   SUNSET   738 PM CDT
MARCH 29 2015.........SUNRISE   658 AM CDT   SUNSET   740 PM CDT


-  INDICATES NEGATIVE NUMBERS.
R  INDICATES RECORD WAS SET OR TIED.
MM INDICATES DATA IS MISSING.
T  INDICATES TRACE AMOUNT.




$$
