000
CDUS43 KDLH 080653
CLIINL


CLIMATE REPORT
NATIONAL WEATHER SERVICE DULUTH MN
153 AM CDT WED APR 8 2015


...................................

...THE INTERNATIONAL FALLS MN CLIMATE SUMMARY FOR APRIL 7 2015...

CLIMATE NORMAL PERIOD 1981 TO 2010
CLIMATE RECORD PERIOD 1895 TO 2015


WEATHER ITEM   OBSERVED TIME   RECORD YEAR NORMAL DEPARTURE LAST
                VALUE   (LST)  VALUE       VALUE  FROM      YEAR
                                                  NORMAL
..................................................................
TEMPERATURE (F)
 YESTERDAY
  MAXIMUM         46    226 PM  71    1987  47     -1       50
  MINIMUM         21    525 AM  -9    1982  23     -2       32
  AVERAGE         34                        35     -1       41

PRECIPITATION (IN)
  YESTERDAY        0.24          1.24 2001   0.04   0.20      T
  MONTH TO DATE    0.26                      0.29  -0.03     0.17
  SINCE MAR 1      0.90                      1.24  -0.34     1.63
  SINCE JAN 1      2.92                      2.43   0.49     3.38

SNOWFALL (IN)
  YESTERDAY        2.0           6.7  1948   0.2    1.8      0.0
  MONTH TO DATE    2.0                       1.9    0.1      2.6
  SINCE MAR 1      5.5                       9.5   -4.0     20.2
  SINCE JUL 1     62.2                      66.3   -4.1     96.6
  SNOW DEPTH       2

DEGREE DAYS
 HEATING
  YESTERDAY       31                        30      1       24
  MONTH TO DATE  234                       221     13      242
  SINCE MAR 1   1403                      1504   -101     1848
  SINCE JUL 1   9157                      9087     70    10279

 COOLING
  YESTERDAY        0                         0      0        0
  MONTH TO DATE    0                         0      0        0
  SINCE MAR 1      0                         0      0        0
  SINCE JAN 1      0                         0      0        0
..................................................................


WIND (MPH)
  HIGHEST WIND SPEED    22   HIGHEST WIND DIRECTION     E (100)
  HIGHEST GUST SPEED    29   HIGHEST GUST DIRECTION    SE (130)
  AVERAGE WIND SPEED    10.2


SKY COVER
  AVERAGE SKY COVER 0.5


WEATHER CONDITIONS
 THE FOLLOWING WEATHER WAS RECORDED YESTERDAY.
  SNOW
  LIGHT SNOW
  FOG
  HAZE


RELATIVE HUMIDITY (PERCENT)
 HIGHEST    92          1000 PM
 LOWEST     20           200 PM
 AVERAGE    56

..........................................................


THE INTERNATIONAL FALLS MN CLIMATE NORMALS FOR TODAY
                         NORMAL    RECORD    YEAR
 MAXIMUM TEMPERATURE (F)   47        75      1987
 MINIMUM TEMPERATURE (F)   24         2      1989
                                             1950


SUNRISE AND SUNSET
APRIL  8 2015.........SUNRISE   638 AM CDT   SUNSET   754 PM CDT
APRIL  9 2015.........SUNRISE   635 AM CDT   SUNSET   756 PM CDT


-  INDICATES NEGATIVE NUMBERS.
R  INDICATES RECORD WAS SET OR TIED.
MM INDICATES DATA IS MISSING.
T  INDICATES TRACE AMOUNT.




$$
