000
CDUS43 KDLH 250627
CLIINL


CLIMATE REPORT
NATIONAL WEATHER SERVICE DULUTH MN
127 AM CDT WED MAR 25 2015


...................................

...THE INTERNATIONAL FALLS MN CLIMATE SUMMARY FOR MARCH 24 2015...

CLIMATE NORMAL PERIOD 1981 TO 2010
CLIMATE RECORD PERIOD 1895 TO 2015


WEATHER ITEM   OBSERVED TIME   RECORD YEAR NORMAL DEPARTURE LAST
                VALUE   (LST)  VALUE       VALUE  FROM      YEAR
                                                  NORMAL
..................................................................
TEMPERATURE (F)
 YESTERDAY
  MAXIMUM         51    356 PM  63    1921  39     12       23
  MINIMUM         30    859 AM -29    1974  17     13      -25
  AVERAGE         41                        28     13       -1

PRECIPITATION (IN)
  YESTERDAY        T             0.63 2009   0.03  -0.03      T
  MONTH TO DATE    0.11                      0.68  -0.57     1.18
  SINCE MAR 1      0.11                      0.68  -0.57     1.18
  SINCE JAN 1      2.13                      1.87   0.26     2.93

SNOWFALL (IN)
  YESTERDAY        T             5.9  1975   0.2   -0.2       T
  MONTH TO DATE    2.2                       6.1   -3.9     15.0
  SINCE MAR 1      2.2                       6.1   -3.9     15.0
  SINCE JUL 1     58.9                      62.9   -4.0     91.4
  SNOW DEPTH       T

DEGREE DAYS
 HEATING
  YESTERDAY       24                        37    -13       66
  MONTH TO DATE  929                      1033   -104     1278
  SINCE MAR 1    929                      1033   -104     1278
  SINCE JUL 1   8683                      8616     67     9709

 COOLING
  YESTERDAY        0                         0      0        0
  MONTH TO DATE    0                         0      0        0
  SINCE MAR 1      0                         0      0        0
  SINCE JAN 1      0                         0      0        0
..................................................................


WIND (MPH)
  HIGHEST WIND SPEED    16   HIGHEST WIND DIRECTION     S (190)
  HIGHEST GUST SPEED    25   HIGHEST GUST DIRECTION     S (190)
  AVERAGE WIND SPEED     8.4


SKY COVER
  AVERAGE SKY COVER 0.7


WEATHER CONDITIONS
 THE FOLLOWING WEATHER WAS RECORDED YESTERDAY.
  LIGHT RAIN
  LIGHT SNOW


RELATIVE HUMIDITY (PERCENT)
 HIGHEST    78           500 AM
 LOWEST     35           400 PM
 AVERAGE    57

..........................................................


THE INTERNATIONAL FALLS MN CLIMATE NORMALS FOR TODAY
                         NORMAL    RECORD    YEAR
 MAXIMUM TEMPERATURE (F)   39        60      1921
                                             1918
                                             1911
 MINIMUM TEMPERATURE (F)   17       -20      1965


SUNRISE AND SUNSET
MARCH 25 2015.........SUNRISE   706 AM CDT   SUNSET   734 PM CDT
MARCH 26 2015.........SUNRISE   704 AM CDT   SUNSET   735 PM CDT


-  INDICATES NEGATIVE NUMBERS.
R  INDICATES RECORD WAS SET OR TIED.
MM INDICATES DATA IS MISSING.
T  INDICATES TRACE AMOUNT.




$$
