000
CDUS43 KDLH 070641
CLIINL


CLIMATE REPORT
NATIONAL WEATHER SERVICE DULUTH MN
138 AM CDT TUE APR 7 2015


...................................

...THE INTERNATIONAL FALLS MN CLIMATE SUMMARY FOR APRIL 6 2015...

CLIMATE NORMAL PERIOD 1981 TO 2010
CLIMATE RECORD PERIOD 1895 TO 2015


WEATHER ITEM   OBSERVED TIME   RECORD YEAR NORMAL DEPARTURE LAST
                VALUE   (LST)  VALUE       VALUE  FROM      YEAR
                                                  NORMAL
..................................................................
TEMPERATURE (F)
 YESTERDAY
  MAXIMUM         38    424 PM  81    1991  46     -8       53
  MINIMUM         19    629 AM -11    1982  23     -4       28
  AVERAGE         29                        34     -5       41

PRECIPITATION (IN)
  YESTERDAY        0.00          0.58 1965   0.05  -0.05     0.00
  MONTH TO DATE    0.02                      0.25  -0.23     0.17
  SINCE MAR 1      0.66                      1.20  -0.54     1.63
  SINCE JAN 1      2.68                      2.39   0.29     3.38

SNOWFALL (IN)
  YESTERDAY        0.0           4.2  1978   0.3   -0.3      0.0
  MONTH TO DATE    T                         1.7   -1.7      2.6
  SINCE MAR 1      3.5                       9.3   -5.8     20.2
  SINCE JUL 1     60.2                      66.1   -5.9     96.6
  SNOW DEPTH       0

DEGREE DAYS
 HEATING
  YESTERDAY       36                        30      6       24
  MONTH TO DATE  203                       191     12      218
  SINCE MAR 1   1372                      1474   -102     1824
  SINCE JUL 1   9126                      9057     69    10255

 COOLING
  YESTERDAY        0                         0      0        0
  MONTH TO DATE    0                         0      0        0
  SINCE MAR 1      0                         0      0        0
  SINCE JAN 1      0                         0      0        0
..................................................................


WIND (MPH)
  HIGHEST WIND SPEED    15   HIGHEST WIND DIRECTION     E (110)
  HIGHEST GUST SPEED    19   HIGHEST GUST DIRECTION     E (100)
  AVERAGE WIND SPEED     5.6


SKY COVER
  AVERAGE SKY COVER 0.0


WEATHER CONDITIONS
 THE FOLLOWING WEATHER WAS RECORDED YESTERDAY.
  HAZE


RELATIVE HUMIDITY (PERCENT)
 HIGHEST    50           800 PM
 LOWEST     21           400 PM
 AVERAGE    36

..........................................................


THE INTERNATIONAL FALLS MN CLIMATE NORMALS FOR TODAY
                         NORMAL    RECORD    YEAR
 MAXIMUM TEMPERATURE (F)   47        71      1987
 MINIMUM TEMPERATURE (F)   23        -9      1982


SUNRISE AND SUNSET
APRIL  7 2015.........SUNRISE   640 AM CDT   SUNSET   753 PM CDT
APRIL  8 2015.........SUNRISE   638 AM CDT   SUNSET   754 PM CDT


-  INDICATES NEGATIVE NUMBERS.
R  INDICATES RECORD WAS SET OR TIED.
MM INDICATES DATA IS MISSING.
T  INDICATES TRACE AMOUNT.




$$
