000
CDUS43 KDLH 310618
CLIINL


CLIMATE REPORT
NATIONAL WEATHER SERVICE DULUTH MN
118 AM CDT TUE MAR 31 2015


...................................

...THE INTERNATIONAL FALLS MN CLIMATE SUMMARY FOR MARCH 30 2015...

CLIMATE NORMAL PERIOD 1981 TO 2010
CLIMATE RECORD PERIOD 1895 TO 2015


WEATHER ITEM   OBSERVED TIME   RECORD YEAR NORMAL DEPARTURE LAST
                VALUE   (LST)  VALUE       VALUE  FROM      YEAR
                                                  NORMAL
..................................................................
TEMPERATURE (F)
 YESTERDAY
  MAXIMUM         53    238 PM  70    1967  42     11       52
  MINIMUM         22    612 AM -13    1975  20      2       33
                                      1969
  AVERAGE         38                        31      7       43

PRECIPITATION (IN)
  YESTERDAY        0.00          0.94 2006   0.04  -0.04      T
  MONTH TO DATE    0.64                      0.91  -0.27     1.25
  SINCE MAR 1      0.64                      0.91  -0.27     1.25
  SINCE JAN 1      2.66                      2.10   0.56     3.00

SNOWFALL (IN)
  YESTERDAY        0.0           4.7  1977   0.2   -0.2      0.0
  MONTH TO DATE    3.5                       7.4   -3.9     15.5
  SINCE MAR 1      3.5                       7.4   -3.9     15.5
  SINCE JUL 1     60.2                      64.2   -4.0     91.9
  SNOW DEPTH       T

DEGREE DAYS
 HEATING
  YESTERDAY       27                        34     -7       22
  MONTH TO DATE 1144                      1246   -102     1567
  SINCE MAR 1   1144                      1246   -102     1567
  SINCE JUL 1   8898                      8829     69     9998

 COOLING
  YESTERDAY        0                         0      0        0
  MONTH TO DATE    0                         0      0        0
  SINCE MAR 1      0                         0      0        0
  SINCE JAN 1      0                         0      0        0
..................................................................


WIND (MPH)
  HIGHEST WIND SPEED    10   HIGHEST WIND DIRECTION    SW (220)
  HIGHEST GUST SPEED    15   HIGHEST GUST DIRECTION    SW (230)
  AVERAGE WIND SPEED     3.9


SKY COVER
  AVERAGE SKY COVER 0.4


WEATHER CONDITIONS
 THE FOLLOWING WEATHER WAS RECORDED YESTERDAY.
  NO SIGNIFICANT WEATHER WAS OBSERVED.


RELATIVE HUMIDITY (PERCENT)
 HIGHEST    92           700 AM
 LOWEST     32           200 PM
 AVERAGE    62

..........................................................


THE INTERNATIONAL FALLS MN CLIMATE NORMALS FOR TODAY
                         NORMAL    RECORD    YEAR
 MAXIMUM TEMPERATURE (F)   43        73      1963
 MINIMUM TEMPERATURE (F)   20       -21      1975


SUNRISE AND SUNSET
MARCH 31 2015.........SUNRISE   654 AM CDT   SUNSET   742 PM CDT
APRIL  1 2015.........SUNRISE   652 AM CDT   SUNSET   744 PM CDT


-  INDICATES NEGATIVE NUMBERS.
R  INDICATES RECORD WAS SET OR TIED.
MM INDICATES DATA IS MISSING.
T  INDICATES TRACE AMOUNT.




$$
