000
CDUS43 KDLH 260653
CLIINL


CLIMATE REPORT
NATIONAL WEATHER SERVICE DULUTH MN
152 AM CDT SUN APR 26 2015


...................................

...THE INTERNATIONAL FALLS MN CLIMATE SUMMARY FOR APRIL 25 2015...

CLIMATE NORMAL PERIOD 1981 TO 2010
CLIMATE RECORD PERIOD 1895 TO 2015


WEATHER ITEM   OBSERVED TIME   RECORD YEAR NORMAL DEPARTURE LAST
                VALUE   (LST)  VALUE       VALUE  FROM      YEAR
                                                  NORMAL
..................................................................
TEMPERATURE (F)
 YESTERDAY
  MAXIMUM         56    528 PM  82    1990  57     -1       44
  MINIMUM         34   1045 PM  13    1909  31      3       31
  AVERAGE         45                        44      1       38

PRECIPITATION (IN)
  YESTERDAY        0.00          1.07 1950   0.05  -0.05     0.09
  MONTH TO DATE    0.69                      1.19  -0.50     1.29
  SINCE MAR 1      1.33                      2.14  -0.81     2.75
  SINCE JAN 1      3.35                      3.33   0.02     4.50

SNOWFALL (IN)
  YESTERDAY        0.0          13.9  1950   0.1   -0.1      0.6
  MONTH TO DATE    4.3                       5.8   -1.5      7.2
  SINCE MAR 1      7.8                      13.4   -5.6     24.8
  SINCE JUL 1     64.5                      70.2   -5.7    101.2
  SNOW DEPTH       T

DEGREE DAYS
 HEATING
  YESTERDAY       20                        21     -1       27
  MONTH TO DATE  661                       672    -11      782
  SINCE MAR 1   1830                      1955   -125     2388
  SINCE JUL 1   9584                      9538     46    10819

 COOLING
  YESTERDAY        0                         0      0        0
  MONTH TO DATE    0                         0      0        0
  SINCE MAR 1      0                         0      0        0
  SINCE JAN 1      0                         0      0        0
..................................................................


WIND (MPH)
  HIGHEST WIND SPEED    16   HIGHEST WIND DIRECTION    NE (60)
  HIGHEST GUST SPEED    21   HIGHEST GUST DIRECTION    NE (50)
  AVERAGE WIND SPEED     8.1


SKY COVER
  AVERAGE SKY COVER 0.4


WEATHER CONDITIONS
 THE FOLLOWING WEATHER WAS RECORDED YESTERDAY.
  NO SIGNIFICANT WEATHER WAS OBSERVED.


RELATIVE HUMIDITY (PERCENT)
 HIGHEST    64          1000 PM
 LOWEST     30           400 PM
 AVERAGE    47

..........................................................


THE INTERNATIONAL FALLS MN CLIMATE NORMALS FOR TODAY
                         NORMAL    RECORD    YEAR
 MAXIMUM TEMPERATURE (F)   57        83      1952
 MINIMUM TEMPERATURE (F)   32        14      1996
                                             1959


SUNRISE AND SUNSET
APRIL 26 2015.........SUNRISE   603 AM CDT   SUNSET   821 PM CDT
APRIL 27 2015.........SUNRISE   601 AM CDT   SUNSET   822 PM CDT


-  INDICATES NEGATIVE NUMBERS.
R  INDICATES RECORD WAS SET OR TIED.
MM INDICATES DATA IS MISSING.
T  INDICATES TRACE AMOUNT.




$$
