000
CDUS43 KDLH 142228
CLIINL


CLIMATE REPORT
NATIONAL WEATHER SERVICE DULUTH MN
527 PM CDT TUE APR 14 2015


...................................

...THE INTERNATIONAL FALLS MN CLIMATE SUMMARY FOR APRIL 14 2015...
VALID TODAY AS OF 0500 PM LOCAL TIME.

CLIMATE NORMAL PERIOD 1981 TO 2010
CLIMATE RECORD PERIOD 1895 TO 2015


WEATHER ITEM   OBSERVED TIME   RECORD YEAR NORMAL DEPARTURE LAST
                VALUE   (LST)  VALUE       VALUE  FROM      YEAR
                                                  NORMAL
..................................................................
TEMPERATURE (F)
 TODAY
  MAXIMUM         65    321 PM  77    1958  51     14       28
  MINIMUM         27    511 AM   0    1926  27      0       12
  AVERAGE         46                        39      7       20

PRECIPITATION (IN)
  TODAY            0.00                      0.05  -0.05      T
  MONTH TO DATE    0.26                      0.63  -0.37     0.36
  SINCE MAR 1      0.90                      1.58  -0.68     1.82
  SINCE JAN 1      2.92                      2.77   0.15     3.57

SNOWFALL (IN)
  TODAY            0.0                       0.2   -0.2       T
  MONTH TO DATE    2.0                       3.8   -1.8      2.6
  SINCE JUL 1     62.2                      68.2   -6.0     96.6
  SNOW DEPTH       0

DEGREE DAYS
 HEATING
  TODAY           19                        26     -7       45
  MONTH TO DATE  381                       415    -34      456
  SINCE MAR 1   1550                      1698   -148     2062
  SINCE JUL 1   9304                      9281     23    10493

 COOLING
  TODAY            0                         0      0        0
  MONTH TO DATE    0                         0      0        0
  SINCE MAR 1      0                         0      0        0
  SINCE JAN 1      0                         0      0        0
..................................................................


WIND (MPH)
  HIGHEST WIND SPEED    16   HIGHEST WIND DIRECTION    NW (320)
  HIGHEST GUST SPEED    21   HIGHEST GUST DIRECTION     W (280)


SKY COVER
  AVERAGE SKY COVER 0.0


WEATHER CONDITIONS
 THE FOLLOWING WEATHER WAS RECORDED TODAY.
  NO SIGNIFICANT WEATHER WAS OBSERVED.


RELATIVE HUMIDITY (PERCENT)
 HIGHEST    58           500 AM
 LOWEST     15          1100 AM
 AVERAGE    37

..........................................................


THE INTERNATIONAL FALLS MN CLIMATE NORMALS FOR TOMORROW
                         NORMAL    RECORD    YEAR
 MAXIMUM TEMPERATURE (F)   51        78      1913
 MINIMUM TEMPERATURE (F)   27         5      2014


SUNRISE AND SUNSET
APRIL 14 2015.........SUNRISE   626 AM CDT   SUNSET   803 PM CDT
APRIL 15 2015.........SUNRISE   624 AM CDT   SUNSET   805 PM CDT


-  INDICATES NEGATIVE NUMBERS.
R  INDICATES RECORD WAS SET OR TIED.
MM INDICATES DATA IS MISSING.
T  INDICATES TRACE AMOUNT.




$$
