000
CDUS43 KDLH 130630
CLIINL


CLIMATE REPORT
NATIONAL WEATHER SERVICE DULUTH MN
127 AM CDT MON APR 13 2015


...................................

...THE INTERNATIONAL FALLS MN CLIMATE SUMMARY FOR APRIL 12 2015...

CLIMATE NORMAL PERIOD 1981 TO 2010
CLIMATE RECORD PERIOD 1895 TO 2015


WEATHER ITEM   OBSERVED TIME   RECORD YEAR NORMAL DEPARTURE LAST
                VALUE   (LST)  VALUE       VALUE  FROM      YEAR
                                                  NORMAL
..................................................................
TEMPERATURE (F)
 YESTERDAY
  MAXIMUM         70   1231 PM  71    1918  50     20       45
  MINIMUM         48   1159 PM   4    1950  26     22       28
  AVERAGE         59                        38     21       37

PRECIPITATION (IN)
  YESTERDAY        T             1.05 1916   0.05  -0.05     0.18
  MONTH TO DATE    0.26                      0.53  -0.27     0.35
  SINCE MAR 1      0.90                      1.48  -0.58     1.81
  SINCE JAN 1      2.92                      2.67   0.25     3.56

SNOWFALL (IN)
  YESTERDAY        0.0           7.5  1972   0.3   -0.3       T
  MONTH TO DATE    2.0                       3.3   -1.3      2.6
  SINCE MAR 1      5.5                      10.9   -5.4     20.2
  SINCE JUL 1     62.2                      67.7   -5.5     96.6
  SNOW DEPTH       0

DEGREE DAYS
 HEATING
  YESTERDAY        6                        27    -21       28
  MONTH TO DATE  342                       362    -20      375
  SINCE MAR 1   1511                      1645   -134     1981
  SINCE JUL 1   9265                      9228     37    10412

 COOLING
  YESTERDAY        0                         0      0        0
  MONTH TO DATE    0                         0      0        0
  SINCE MAR 1      0                         0      0        0
  SINCE JAN 1      0                         0      0        0
..................................................................


WIND (MPH)
  HIGHEST WIND SPEED    21   HIGHEST WIND DIRECTION    NW (310)
  HIGHEST GUST SPEED    29   HIGHEST GUST DIRECTION    SW (230)
  AVERAGE WIND SPEED    10.6


SKY COVER
  AVERAGE SKY COVER 0.3


WEATHER CONDITIONS
 THE FOLLOWING WEATHER WAS RECORDED YESTERDAY.
  THUNDERSTORM
  LIGHT RAIN


RELATIVE HUMIDITY (PERCENT)
 HIGHEST    61           900 PM
 LOWEST     40           700 PM
 AVERAGE    51

..........................................................


THE INTERNATIONAL FALLS MN CLIMATE NORMALS FOR TODAY
                         NORMAL    RECORD    YEAR
 MAXIMUM TEMPERATURE (F)   50        77      1910
 MINIMUM TEMPERATURE (F)   26         7      1950


SUNRISE AND SUNSET
APRIL 13 2015.........SUNRISE   628 AM CDT   SUNSET   802 PM CDT
APRIL 14 2015.........SUNRISE   626 AM CDT   SUNSET   803 PM CDT


-  INDICATES NEGATIVE NUMBERS.
R  INDICATES RECORD WAS SET OR TIED.
MM INDICATES DATA IS MISSING.
T  INDICATES TRACE AMOUNT.




$$
