000
CDUS43 KDLH 290618
CLIINL


CLIMATE REPORT
NATIONAL WEATHER SERVICE DULUTH MN
118 AM CDT WED APR 29 2015


...................................

...THE INTERNATIONAL FALLS MN CLIMATE SUMMARY FOR APRIL 28 2015...

CLIMATE NORMAL PERIOD 1981 TO 2010
CLIMATE RECORD PERIOD 1895 TO 2015


WEATHER ITEM   OBSERVED TIME   RECORD YEAR NORMAL DEPARTURE LAST
                VALUE   (LST)  VALUE       VALUE  FROM      YEAR
                                                  NORMAL
..................................................................
TEMPERATURE (F)
 YESTERDAY
  MAXIMUM         60    210 PM  91    1952  58      2       48
  MINIMUM         28   1159 PM   9    1958  32     -4       36
  AVERAGE         44                        45     -1       42

PRECIPITATION (IN)
  YESTERDAY        0.03          1.68 1895   0.07  -0.04      T
  MONTH TO DATE    0.72                      1.39  -0.67     1.29
  SINCE MAR 1      1.36                      2.34  -0.98     2.75
  SINCE JAN 1      3.38                      3.53  -0.15     4.50

SNOWFALL (IN)
  YESTERDAY        0.0           1.6  1966   0.1   -0.1      0.0
  MONTH TO DATE    4.3                       6.2   -1.9      7.2
  SINCE MAR 1      7.8                      13.8   -6.0     24.8
  SINCE JUL 1     64.5                      70.6   -6.1    101.2
  SNOW DEPTH       0

DEGREE DAYS
 HEATING
  YESTERDAY       21                        20      1       23
  MONTH TO DATE  724                       733     -9      857
  SINCE MAR 1   1893                      2016   -123     2463
  SINCE JUL 1   9647                      9599     48    10894

 COOLING
  YESTERDAY        0                         0      0        0
  MONTH TO DATE    0                         0      0        0
  SINCE MAR 1      0                         0      0        0
  SINCE JAN 1      0                         0      0        0
..................................................................


WIND (MPH)
  HIGHEST WIND SPEED    20   HIGHEST WIND DIRECTION     N (350)
  HIGHEST GUST SPEED    25   HIGHEST GUST DIRECTION     N (350)
  AVERAGE WIND SPEED     8.7


SKY COVER
  AVERAGE SKY COVER 0.4


WEATHER CONDITIONS
 THE FOLLOWING WEATHER WAS RECORDED YESTERDAY.
  LIGHT RAIN
  FOG


RELATIVE HUMIDITY (PERCENT)
 HIGHEST    92           500 AM
 LOWEST     32           400 PM
 AVERAGE    62

..........................................................


THE INTERNATIONAL FALLS MN CLIMATE NORMALS FOR TODAY
                         NORMAL    RECORD    YEAR
 MAXIMUM TEMPERATURE (F)   59        89      1952
 MINIMUM TEMPERATURE (F)   33        10      1958


SUNRISE AND SUNSET
APRIL 29 2015.........SUNRISE   558 AM CDT   SUNSET   825 PM CDT
APRIL 30 2015.........SUNRISE   556 AM CDT   SUNSET   827 PM CDT


-  INDICATES NEGATIVE NUMBERS.
R  INDICATES RECORD WAS SET OR TIED.
MM INDICATES DATA IS MISSING.
T  INDICATES TRACE AMOUNT.




$$
