000
CDUS43 KDLH 120643
CLIINL


CLIMATE REPORT
NATIONAL WEATHER SERVICE DULUTH MN
129 AM CDT SUN APR 12 2015


...................................

...THE INTERNATIONAL FALLS MN CLIMATE SUMMARY FOR APRIL 11 2015...

CLIMATE NORMAL PERIOD 1981 TO 2010
CLIMATE RECORD PERIOD 1895 TO 2015


WEATHER ITEM   OBSERVED TIME   RECORD YEAR NORMAL DEPARTURE LAST
                VALUE   (LST)  VALUE       VALUE  FROM      YEAR
                                                  NORMAL
..................................................................
TEMPERATURE (F)
 YESTERDAY
  MAXIMUM         68    316 PM  75    1968  49     19       48
                                      1955
  MINIMUM         22    339 AM   6    1924  25     -3       25
  AVERAGE         45                        37      8       37

PRECIPITATION (IN)
  YESTERDAY        0.00          0.53 2001   0.05  -0.05     0.00
  MONTH TO DATE    0.26                      0.48  -0.22     0.17
  SINCE MAR 1      0.90                      1.43  -0.53     1.63
  SINCE JAN 1      2.92                      2.62   0.30     3.38

SNOWFALL (IN)
  YESTERDAY        0.0           1.4  1980   0.3   -0.3      0.0
  MONTH TO DATE    2.0                       3.0   -1.0      2.6
  SINCE MAR 1      5.5                      10.6   -5.1     20.2
  SINCE JUL 1     62.2                      67.4   -5.2     96.6
  SNOW DEPTH       0

DEGREE DAYS
 HEATING
  YESTERDAY       20                        28     -8       28
  MONTH TO DATE  336                       335      1      347
  SINCE MAR 1   1505                      1618   -113     1953
  SINCE JUL 1   9259                      9201     58    10384

 COOLING
  YESTERDAY        0                         0      0        0
  MONTH TO DATE    0                         0      0        0
  SINCE MAR 1      0                         0      0        0
  SINCE JAN 1      0                         0      0        0
..................................................................


WIND (MPH)
  HIGHEST WIND SPEED    18   HIGHEST WIND DIRECTION    SW (210)
  HIGHEST GUST SPEED    25   HIGHEST GUST DIRECTION    SE (140)
  AVERAGE WIND SPEED     7.4


SKY COVER
  AVERAGE SKY COVER 0.2


WEATHER CONDITIONS
 THE FOLLOWING WEATHER WAS RECORDED YESTERDAY.
  NO SIGNIFICANT WEATHER WAS OBSERVED.


RELATIVE HUMIDITY (PERCENT)
 HIGHEST    88           300 AM
 LOWEST     17           300 PM
 AVERAGE    53

..........................................................


THE INTERNATIONAL FALLS MN CLIMATE NORMALS FOR TODAY
                         NORMAL    RECORD    YEAR
 MAXIMUM TEMPERATURE (F)   50        71      1918
 MINIMUM TEMPERATURE (F)   26         4      1950


SUNRISE AND SUNSET
APRIL 12 2015.........SUNRISE   629 AM CDT   SUNSET   800 PM CDT
APRIL 13 2015.........SUNRISE   628 AM CDT   SUNSET   802 PM CDT


-  INDICATES NEGATIVE NUMBERS.
R  INDICATES RECORD WAS SET OR TIED.
MM INDICATES DATA IS MISSING.
T  INDICATES TRACE AMOUNT.




$$
