000
CDUS43 KDLH 211236
CLIINL


CLIMATE REPORT
NATIONAL WEATHER SERVICE DULUTH MN
735 AM CDT TUE APR 21 2015


...................................

...THE INTERNATIONAL FALLS MN CLIMATE SUMMARY FOR APRIL 20 2015...

CLIMATE NORMAL PERIOD 1981 TO 2010
CLIMATE RECORD PERIOD 1895 TO 2015


WEATHER ITEM   OBSERVED TIME   RECORD YEAR NORMAL DEPARTURE LAST
                VALUE   (LST)  VALUE       VALUE  FROM      YEAR
                                                  NORMAL
..................................................................
TEMPERATURE (F)
 YESTERDAY
  MAXIMUM         35    546 PM  85    1923  54    -19       62
  MINIMUM         29    918 AM   4    2013  29      0       26
  AVERAGE         32                        42    -10       44

PRECIPITATION (IN)
  YESTERDAY        0.06          0.85 1895   0.05   0.01     0.00
  MONTH TO DATE    0.60                      0.92  -0.32     0.59
  SINCE MAR 1      1.24                      1.87  -0.63     2.05
  SINCE JAN 1      3.26                      3.06   0.20     3.80

SNOWFALL (IN)
  YESTERDAY        0.4           5.0  1970   0.2    0.2      0.0
  MONTH TO DATE    2.4                       5.1   -2.7      3.8
  SINCE MAR 1      5.9                      12.7   -6.8     21.4
  SINCE JUL 1     62.6                      69.5   -6.9     97.8
  SNOW DEPTH       T

DEGREE DAYS
 HEATING
  YESTERDAY       33                        23     10       21
  MONTH TO DATE  505                       562    -57      651
  SINCE MAR 1   1674                      1845   -171     2257
  SINCE JUL 1   9428                      9428      0    10688

 COOLING
  YESTERDAY        0                         0      0        0
  MONTH TO DATE    0                         0      0        0
  SINCE MAR 1      0                         0      0        0
  SINCE JAN 1      0                         0      0        0
..................................................................


WIND (MPH)
  HIGHEST WIND SPEED    21   HIGHEST WIND DIRECTION     W (290)
  HIGHEST GUST SPEED    27   HIGHEST GUST DIRECTION    NW (300)
  AVERAGE WIND SPEED    12.9


SKY COVER
  AVERAGE SKY COVER 1.0


WEATHER CONDITIONS
 THE FOLLOWING WEATHER WAS RECORDED YESTERDAY.
  LIGHT SNOW
  FOG
  HAZE


RELATIVE HUMIDITY (PERCENT)
 HIGHEST    96           500 PM
 LOWEST     75           200 PM
 AVERAGE    86

..........................................................


THE INTERNATIONAL FALLS MN CLIMATE NORMALS FOR TODAY
                         NORMAL    RECORD    YEAR
 MAXIMUM TEMPERATURE (F)   55        90      1980
 MINIMUM TEMPERATURE (F)   30        11      1966


SUNRISE AND SUNSET
APRIL 21 2015.........SUNRISE   612 AM CDT   SUNSET   814 PM CDT
APRIL 22 2015.........SUNRISE   610 AM CDT   SUNSET   815 PM CDT


-  INDICATES NEGATIVE NUMBERS.
R  INDICATES RECORD WAS SET OR TIED.
MM INDICATES DATA IS MISSING.
T  INDICATES TRACE AMOUNT.




$$
