000
CDUS43 KDLH 110622
CLIINL


CLIMATE REPORT
NATIONAL WEATHER SERVICE DULUTH MN
121 AM CDT SAT APR 11 2015


...................................

...THE INTERNATIONAL FALLS MN CLIMATE SUMMARY FOR APRIL 10 2015...

CLIMATE NORMAL PERIOD 1981 TO 2010
CLIMATE RECORD PERIOD 1895 TO 2015


WEATHER ITEM   OBSERVED TIME   RECORD YEAR NORMAL DEPARTURE LAST
                VALUE   (LST)  VALUE       VALUE  FROM      YEAR
                                                  NORMAL
..................................................................
TEMPERATURE (F)
 YESTERDAY
  MAXIMUM         52    351 PM  78    1955  49      3       47
  MINIMUM         25   1159 PM   3    1962  25      0       26
  AVERAGE         39                        37      2       37

PRECIPITATION (IN)
  YESTERDAY        0.00          1.21 2011   0.05  -0.05     0.00
  MONTH TO DATE    0.26                      0.43  -0.17     0.17
  SINCE MAR 1      0.90                      1.38  -0.48     1.63
  SINCE JAN 1      2.92                      2.57   0.35     3.38

SNOWFALL (IN)
  YESTERDAY        0.0           2.5  1982   0.2   -0.2      0.0
  MONTH TO DATE    2.0                       2.7   -0.7      2.6
  SINCE MAR 1      5.5                      10.3   -4.8     20.2
  SINCE JUL 1     62.2                      67.1   -4.9     96.6
  SNOW DEPTH       0

DEGREE DAYS
 HEATING
  YESTERDAY       26                        28     -2       28
  MONTH TO DATE  316                       307      9      319
  SINCE MAR 1   1485                      1590   -105     1925
  SINCE JUL 1   9239                      9173     66    10356

 COOLING
  YESTERDAY        0                         0      0        0
  MONTH TO DATE    0                         0      0        0
  SINCE MAR 1      0                         0      0        0
  SINCE JAN 1      0                         0      0        0
..................................................................


WIND (MPH)
  HIGHEST WIND SPEED    17   HIGHEST WIND DIRECTION     N (340)
  HIGHEST GUST SPEED    26   HIGHEST GUST DIRECTION     N (340)
  AVERAGE WIND SPEED     8.2


SKY COVER
  AVERAGE SKY COVER 0.2


WEATHER CONDITIONS
 THE FOLLOWING WEATHER WAS RECORDED YESTERDAY.
  NO SIGNIFICANT WEATHER WAS OBSERVED.


RELATIVE HUMIDITY (PERCENT)
 HIGHEST    85           100 AM
 LOWEST     28           400 PM
 AVERAGE    57

..........................................................


THE INTERNATIONAL FALLS MN CLIMATE NORMALS FOR TODAY
                         NORMAL    RECORD    YEAR
 MAXIMUM TEMPERATURE (F)   49        75      1968
                                             1955
 MINIMUM TEMPERATURE (F)   25         6      1924


SUNRISE AND SUNSET
APRIL 11 2015.........SUNRISE   632 AM CDT   SUNSET   759 PM CDT
APRIL 12 2015.........SUNRISE   630 AM CDT   SUNSET   800 PM CDT


-  INDICATES NEGATIVE NUMBERS.
R  INDICATES RECORD WAS SET OR TIED.
MM INDICATES DATA IS MISSING.
T  INDICATES TRACE AMOUNT.




$$
