000
CDUS43 KDLH 040623
CLIINL


CLIMATE REPORT
NATIONAL WEATHER SERVICE DULUTH MN
121 AM CDT MON MAY 4 2015


...................................

...THE INTERNATIONAL FALLS MN CLIMATE SUMMARY FOR MAY 3 2015...

CLIMATE NORMAL PERIOD 1981 TO 2010
CLIMATE RECORD PERIOD 1895 TO 2015


WEATHER ITEM   OBSERVED TIME   RECORD YEAR NORMAL DEPARTURE LAST
                VALUE   (LST)  VALUE       VALUE  FROM      YEAR
                                                  NORMAL
..................................................................
TEMPERATURE (F)
 YESTERDAY
  MAXIMUM         67   1036 AM  87    1980  60      7       46
  MINIMUM         36   1159 PM  11    1967  34      2       30
  AVERAGE         52                        47      5       38

PRECIPITATION (IN)
  YESTERDAY        T             0.71 1913   0.08  -0.08      T
  MONTH TO DATE    0.13                      0.23  -0.10     0.15
  SINCE MAR 1      1.49                      2.71  -1.22     3.14
  SINCE JAN 1      3.51                      3.90  -0.39     4.89

SNOWFALL (IN)
  YESTERDAY        0.0           2.5  1954   0.1   -0.1      0.0
  MONTH TO DATE    0.0                       0.1   -0.1      0.0
  SINCE MAR 1      7.8                      14.1   -6.3     24.8
  SINCE JUL 1     64.5                      70.9   -6.4    101.2
  SNOW DEPTH       0

DEGREE DAYS
 HEATING
  YESTERDAY       13                        18     -5       27
  MONTH TO DATE   31                        55    -24       81
  SINCE MAR 1   1959                      2110   -151     2594
  SINCE JUL 1   9713                      9693     20    11025

 COOLING
  YESTERDAY        0                         0      0        0
  MONTH TO DATE    0                         0      0        0
  SINCE MAR 1      0                         1     -1        0
  SINCE JAN 1      0                         1     -1        0
..................................................................


WIND (MPH)
  HIGHEST WIND SPEED    24   HIGHEST WIND DIRECTION    NW (300)
  HIGHEST GUST SPEED    30   HIGHEST GUST DIRECTION    NW (300)
  AVERAGE WIND SPEED     9.7


SKY COVER
  AVERAGE SKY COVER 0.1


WEATHER CONDITIONS
 THE FOLLOWING WEATHER WAS RECORDED YESTERDAY.
  LIGHT RAIN


RELATIVE HUMIDITY (PERCENT)
 HIGHEST    89           400 AM
 LOWEST     22           400 PM
 AVERAGE    56

..........................................................


THE INTERNATIONAL FALLS MN CLIMATE NORMALS FOR TODAY
                         NORMAL    RECORD    YEAR
 MAXIMUM TEMPERATURE (F)   61        90      1952
 MINIMUM TEMPERATURE (F)   35        19      1967


SUNRISE AND SUNSET
MAY  4 2015...........SUNRISE   549 AM CDT   SUNSET   832 PM CDT
MAY  5 2015...........SUNRISE   548 AM CDT   SUNSET   834 PM CDT


-  INDICATES NEGATIVE NUMBERS.
R  INDICATES RECORD WAS SET OR TIED.
MM INDICATES DATA IS MISSING.
T  INDICATES TRACE AMOUNT.




$$
