000
CDUS43 KDLH 030641
CLIINL


CLIMATE REPORT
NATIONAL WEATHER SERVICE DULUTH MN
140 AM CDT SUN MAY 3 2015


...................................

...THE INTERNATIONAL FALLS MN CLIMATE SUMMARY FOR MAY 2 2015...

CLIMATE NORMAL PERIOD 1981 TO 2010
CLIMATE RECORD PERIOD 1895 TO 2015


WEATHER ITEM   OBSERVED TIME   RECORD YEAR NORMAL DEPARTURE LAST
                VALUE   (LST)  VALUE       VALUE  FROM      YEAR
                                                  NORMAL
..................................................................
TEMPERATURE (F)
 YESTERDAY
  MAXIMUM         82    349 PM  85    1980  60     22       48
  MINIMUM         36    225 AM  14    1967  34      2       29
  AVERAGE         59                        47     12       39

PRECIPITATION (IN)
  YESTERDAY        0.00          0.66 1954   0.08  -0.08     0.12
  MONTH TO DATE    0.13                      0.15  -0.02     0.15
  SINCE MAR 1      1.49                      2.63  -1.14     3.14
  SINCE JAN 1      3.51                      3.82  -0.31     4.89

SNOWFALL (IN)
  YESTERDAY        0.0           6.7  1954   0.0    0.0      0.0
  MONTH TO DATE    0.0                       0.0    0.0      0.0
  SINCE MAR 1      7.8                      14.0   -6.2     24.8
  SINCE JUL 1     64.5                      70.8   -6.3    101.2
  SNOW DEPTH       0

DEGREE DAYS
 HEATING
  YESTERDAY        6                        18    -12       26
  MONTH TO DATE   18                        37    -19       54
  SINCE MAR 1   1946                      2092   -146     2567
  SINCE JUL 1   9700                      9675     25    10998

 COOLING
  YESTERDAY        0                         0      0        0
  MONTH TO DATE    0                         0      0        0
  SINCE MAR 1      0                         1     -1        0
  SINCE JAN 1      0                         1     -1        0
..................................................................


WIND (MPH)
  HIGHEST WIND SPEED    21   HIGHEST WIND DIRECTION     W (270)
  HIGHEST GUST SPEED    32   HIGHEST GUST DIRECTION     W (270)
  AVERAGE WIND SPEED     8.4


SKY COVER
  AVERAGE SKY COVER 0.3


WEATHER CONDITIONS
 THE FOLLOWING WEATHER WAS RECORDED YESTERDAY.
  NO SIGNIFICANT WEATHER WAS OBSERVED.


RELATIVE HUMIDITY (PERCENT)
 HIGHEST    89           500 AM
 LOWEST     15           300 PM
 AVERAGE    52

..........................................................


THE INTERNATIONAL FALLS MN CLIMATE NORMALS FOR TODAY
                         NORMAL    RECORD    YEAR
 MAXIMUM TEMPERATURE (F)   60        87      1980
 MINIMUM TEMPERATURE (F)   34        11      1967


SUNRISE AND SUNSET
MAY  3 2015...........SUNRISE   551 AM CDT   SUNSET   831 PM CDT
MAY  4 2015...........SUNRISE   549 AM CDT   SUNSET   832 PM CDT


-  INDICATES NEGATIVE NUMBERS.
R  INDICATES RECORD WAS SET OR TIED.
MM INDICATES DATA IS MISSING.
T  INDICATES TRACE AMOUNT.




$$
