000
CDUS43 KDLH 010625
CLIINL


CLIMATE REPORT
NATIONAL WEATHER SERVICE DULUTH MN
122 AM CDT FRI MAY 1 2015


...................................

...THE INTERNATIONAL FALLS MN CLIMATE SUMMARY FOR APRIL 30 2015...

CLIMATE NORMAL PERIOD 1981 TO 2010
CLIMATE RECORD PERIOD 1895 TO 2015


WEATHER ITEM   OBSERVED TIME   RECORD YEAR NORMAL DEPARTURE LAST
                VALUE   (LST)  VALUE       VALUE  FROM      YEAR
                                                  NORMAL
..................................................................
TEMPERATURE (F)
 YESTERDAY
  MAXIMUM         71    426 PM  90    1952  59     12       40
  MINIMUM         32    507 AM  19    2003  33     -1       36
                                      1990
  AVERAGE         52                        46      6       38

PRECIPITATION (IN)
  YESTERDAY        0.00          0.75 2011   0.07  -0.07     0.06
  MONTH TO DATE    0.72                      1.53  -0.81     1.53
  SINCE MAR 1      1.36                      2.48  -1.12     2.99
  SINCE JAN 1      3.38                      3.67  -0.29     4.74

SNOWFALL (IN)
  YESTERDAY        0.0           2.1  1954   0.1   -0.1      0.0
  MONTH TO DATE    4.3                       6.4   -2.1      7.2
  SINCE MAR 1      7.8                      14.0   -6.2     24.8
  SINCE JUL 1     64.5                      70.8   -6.3    101.2
  SNOW DEPTH       0

DEGREE DAYS
 HEATING
  YESTERDAY       13                        19     -6       27
  MONTH TO DATE  759                       771    -12      907
  SINCE MAR 1   1928                      2055   -127     2513
  SINCE JUL 1   9682                      9638     44    10944

 COOLING
  YESTERDAY        0                         0      0        0
  MONTH TO DATE    0                         1     -1        0
  SINCE MAR 1      0                         1     -1        0
  SINCE JAN 1      0                         1     -1        0
..................................................................


WIND (MPH)
  HIGHEST WIND SPEED    14   HIGHEST WIND DIRECTION    SE (130)
  HIGHEST GUST SPEED    21   HIGHEST GUST DIRECTION     S (160)
  AVERAGE WIND SPEED     7.6


SKY COVER
  AVERAGE SKY COVER 0.0


WEATHER CONDITIONS
 THE FOLLOWING WEATHER WAS RECORDED YESTERDAY.
  NO SIGNIFICANT WEATHER WAS OBSERVED.


RELATIVE HUMIDITY (PERCENT)
 HIGHEST    82           400 AM
 LOWEST     23           400 PM
 AVERAGE    53

..........................................................


THE INTERNATIONAL FALLS MN CLIMATE NORMALS FOR TODAY
                         NORMAL    RECORD    YEAR
 MAXIMUM TEMPERATURE (F)   60        83      1980
 MINIMUM TEMPERATURE (F)   34        17      1909


SUNRISE AND SUNSET
MAY  1 2015...........SUNRISE   554 AM CDT   SUNSET   828 PM CDT
MAY  2 2015...........SUNRISE   553 AM CDT   SUNSET   830 PM CDT


-  INDICATES NEGATIVE NUMBERS.
R  INDICATES RECORD WAS SET OR TIED.
MM INDICATES DATA IS MISSING.
T  INDICATES TRACE AMOUNT.




$$
