000
CDUS43 KDLH 270635
CLIINL


CLIMATE REPORT
NATIONAL WEATHER SERVICE DULUTH MN
132 AM CDT MON APR 27 2015


...................................

...THE INTERNATIONAL FALLS MN CLIMATE SUMMARY FOR APRIL 26 2015...

CLIMATE NORMAL PERIOD 1981 TO 2010
CLIMATE RECORD PERIOD 1895 TO 2015


WEATHER ITEM   OBSERVED TIME   RECORD YEAR NORMAL DEPARTURE LAST
                VALUE   (LST)  VALUE       VALUE  FROM      YEAR
                                                  NORMAL
..................................................................
TEMPERATURE (F)
 YESTERDAY
  MAXIMUM         60    501 PM  83    1952  57      3       49
  MINIMUM         23    521 AM  14    1996  32     -9       29
                                      1959
  AVERAGE         42                        44     -2       39

PRECIPITATION (IN)
  YESTERDAY        0.00          1.02 1912   0.06  -0.06      T
  MONTH TO DATE    0.69                      1.25  -0.56     1.29
  SINCE MAR 1      1.33                      2.20  -0.87     2.75
  SINCE JAN 1      3.35                      3.39  -0.04     4.50

SNOWFALL (IN)
  YESTERDAY        0.0           7.4  1994   0.2   -0.2       T
  MONTH TO DATE    4.3                       6.0   -1.7      7.2
  SINCE MAR 1      7.8                      13.6   -5.8     24.8
  SINCE JUL 1     64.5                      70.4   -5.9    101.2
  SNOW DEPTH       0

DEGREE DAYS
 HEATING
  YESTERDAY       23                        21      2       26
  MONTH TO DATE  684                       693     -9      808
  SINCE MAR 1   1853                      1976   -123     2414
  SINCE JUL 1   9607                      9559     48    10845

 COOLING
  YESTERDAY        0                         0      0        0
  MONTH TO DATE    0                         0      0        0
  SINCE MAR 1      0                         0      0        0
  SINCE JAN 1      0                         0      0        0
..................................................................


WIND (MPH)
  HIGHEST WIND SPEED    13   HIGHEST WIND DIRECTION     N (10)
  HIGHEST GUST SPEED    16   HIGHEST GUST DIRECTION    NE (40)
  AVERAGE WIND SPEED     2.7


SKY COVER
  AVERAGE SKY COVER 0.0


WEATHER CONDITIONS
 THE FOLLOWING WEATHER WAS RECORDED YESTERDAY.
  NO SIGNIFICANT WEATHER WAS OBSERVED.


RELATIVE HUMIDITY (PERCENT)
 HIGHEST    84           600 AM
 LOWEST      9           500 PM
 AVERAGE    47

..........................................................


THE INTERNATIONAL FALLS MN CLIMATE NORMALS FOR TODAY
                         NORMAL    RECORD    YEAR
 MAXIMUM TEMPERATURE (F)   58        93      1952
 MINIMUM TEMPERATURE (F)   32        12      1956


SUNRISE AND SUNSET
APRIL 27 2015.........SUNRISE   601 AM CDT   SUNSET   822 PM CDT
APRIL 28 2015.........SUNRISE   559 AM CDT   SUNSET   824 PM CDT


-  INDICATES NEGATIVE NUMBERS.
R  INDICATES RECORD WAS SET OR TIED.
MM INDICATES DATA IS MISSING.
T  INDICATES TRACE AMOUNT.




$$
